{"id":131,"date":"2020-12-14T13:25:00","date_gmt":"2020-12-14T12:25:00","guid":{"rendered":"https:\/\/onetech.dev\/covid\/?page_id=131"},"modified":"2026-04-22T14:57:17","modified_gmt":"2026-04-22T13:57:17","slug":"radiotherapie","status":"publish","type":"page","link":"https:\/\/onetech.dev\/covid\/radiotherapie","title":{"rendered":"Radioth\u00e9rapie"},"content":{"rendered":"<section class=\"l-section wpb_row height_small\"><div class=\"l-section-h i-cf\"><div class=\"g-cols vc_row via_grid cols_1 laptops-cols_inherit tablets-cols_inherit mobiles-cols_1 valign_top type_default stacking_default\"><div class=\"wpb_column vc_column_container type_sticky\"><div class=\"vc_column-inner\" style=\"top:180px\"><div class=\"w-image us_custom_fb33871a us_animate_this has_height align_center\"><div class=\"w-image-h\"><img decoding=\"async\" width=\"900\" height=\"127\" src=\"https:\/\/onetech.dev\/covid\/data\/irc_logo.png\" class=\"attachment-full size-full\" alt=\"\" loading=\"lazy\" srcset=\"https:\/\/onetech.dev\/covid\/data\/irc_logo.png 900w, https:\/\/onetech.dev\/covid\/data\/irc_logo-300x42.png 300w, https:\/\/onetech.dev\/covid\/data\/irc_logo-150x21.png 150w\" sizes=\"auto, (max-width: 900px) 100vw, 900px\" \/><\/div><\/div><div class=\"ult-spacer spacer-69f41014708b7\" data-id=\"69f41014708b7\" data-height=\"35\" data-height-mobile=\"35\" data-height-tab=\"35\" data-height-tab-portrait=\"\" data-height-mobile-landscape=\"\" style=\"clear:both;display:block;\"><\/div><h3 class=\"w-text us_custom_7ccf62ca has_text_color\"><span class=\"w-text-h\"><span class=\"w-text-value\">RECOMMANDATIONS G\u00c9N\u00c9RALES<\/span><\/span><\/h3><\/div><\/div><\/div><\/div><\/section><section class=\"l-section wpb_row height_small\"><div class=\"l-section-h i-cf\"><div class=\"g-cols vc_row via_grid cols_1 laptops-cols_inherit tablets-cols_inherit mobiles-cols_1 valign_top type_default stacking_default\"><div class=\"wpb_column vc_column_container\"><div class=\"vc_column-inner\"><div class=\"g-cols wpb_row via_grid cols_2-1 laptops-cols_inherit tablets-cols_inherit mobiles-cols_1 valign_top type_default stacking_default\" style=\"--columns-gap:3rem;\"><div class=\"wpb_column vc_column_container\"><div class=\"vc_column-inner\"><div class=\"aio-icon-component    style_2\"><a class=\"aio-icon-box-link\" ><div id=\"Info-box-wrap-6829\" class=\"aio-icon-box left-icon\" style=\"\"  ><div class=\"aio-icon-left\"><div class=\"ult-just-icon-wrapper  \"><div class=\"align-icon\" style=\"text-align:center;\">\n<div class=\"aio-icon-img \" style=\"font-size:50px;background:#03254C;border-style:solid;border-color:#03254C;border-width:1px;padding:20px;border-radius:500px;display:inline-block;\" >\n\t<img decoding=\"async\" class=\"img-icon\" alt=\"null\" src=\"https:\/\/onetech.dev\/covid\/data\/radiotherapy.png\"\/>\n<\/div><\/div><\/div><\/div><div class=\"aio-ibd-block\"><div class=\"aio-icon-header\" ><h6 class=\"aio-icon-title ult-responsive\"  data-ultimate-target='#Info-box-wrap-6829 .aio-icon-title'  data-responsive-json-new='{\"font-size\":\"\",\"line-height\":\"\"}'  style=\"font-weight:bold;color:#03254C;\">Radioth\u00e9rapie<\/h6><\/div> <!-- header --><\/div> <!-- aio-ibd-block --><\/div> <!-- aio-icon-box --><\/a><\/div> <!-- aio-icon-component --><\/div><\/div><div class=\"wpb_column vc_column_container\"><div class=\"vc_column-inner\"><div class=\"w-btn-wrapper align_right\"><a class=\"w-btn us-btn-style_1 icon_atleft\" href=\"https:\/\/onetech.dev\/covid\/\"><i class=\"far fa-backward\"><\/i><span class=\"w-btn-label\">Retour<\/span><\/a><\/div><\/div><\/div><\/div><div class=\"ult-spacer spacer-69f41014717b8\" data-id=\"69f41014717b8\" data-height=\"25\" data-height-mobile=\"25\" data-height-tab=\"25\" data-height-tab-portrait=\"\" data-height-mobile-landscape=\"\" style=\"clear:both;display:block;\"><\/div><div class=\"g-cols wpb_row via_grid cols_1 laptops-cols_inherit tablets-cols_inherit mobiles-cols_1 valign_top type_default stacking_default\" style=\"--columns-gap:3rem;\"><div class=\"wpb_column vc_column_container us_custom_7e20fa79 us_animate_this\"><div class=\"vc_column-inner\"><div class=\"w-tabs us_custom_064d3121 style_default switch_click accordion has_scrolling\" style=\"--sections-title-size:18px\"><div class=\"w-tabs-sections titles-align_none icon_chevron cpos_right\"><div class=\"w-tabs-section active\" id=\"q2ff\"><button class=\"w-tabs-section-header active\" aria-controls=\"content-q2ff\" aria-expanded=\"true\"><div class=\"w-tabs-section-title\">Recommandations G\u00e9n\u00e9rales<\/div><div class=\"w-tabs-section-control\"><\/div><\/button><div  class=\"w-tabs-section-content us_custom_ea76afbe\" id=\"content-q2ff\"><div class=\"w-tabs-section-content-h i-cf\"><div class=\"wpb_text_column\"><div class=\"wpb_wrapper\"><p style=\"text-align: justify;\">La radioth\u00e9rapie est un excellent moyen th\u00e9rapeutique \u00e0 vis\u00e9e curative, seul ou en association \u00e0 la chirurgie ou \u00e0 la chimioth\u00e9rapie, ou \u00e0 vis\u00e9e palliative. La radioth\u00e9rapie est d\u00e9livr\u00e9e en mode fractionn\u00e9 sur plusieurs jours ou semaines pour avoir un effet radiobiologique sur la tumeur qui essaie d\u2019\u00e9pargner au maximum les tissus sains, dit organes \u00e0 risque de complications. Ce mode fractionn\u00e9 impose un traitement sans interruption pour avoir un effet optimal des rayons et oblige le patient \u00e0 se d\u00e9placer cinq fois par semaine au poste de traitement. Alors que durant cette p\u00e9riode de pand\u00e9mie COVID 19, toutes les recommandations internationales conseillent la limitation des d\u00e9placements des patients et des professionnels de sant\u00e9 pour les prot\u00e9ger contre les risques de contamination par le virus. Dans ce sens,\u00a0 des mesures tr\u00e8s strictes sont prises au sein des centres de radioth\u00e9rapie pour \u00e9viter le croisement de l\u2019infection entre les patients et entre le personnel et les malades<\/p>\n<p style=\"text-align: justify;\">Des entr\u00e9es et passages s\u00e9par\u00e9s pour les patients et le personnels sont signal\u00e9s, un triage des cas suspects, le port des masques obligatoire, pas d&rsquo;accompagnants sauf une personne pour les malades sur chaise roulante, distanciation de plus d\u2019un m\u00e8tre dans les salles d\u2019attente avec un minimum de patients et un s\u00e9jour cours, des moyens de protection pour le personnel, d\u00e9sinfection des tables de scanner et des machines apr\u00e8s chaque passage des patients et une d\u00e9sinfection globale de tous les postes de traitement et de scanner \u00e0 la fin de la journ\u00e9e.<\/p>\n<p style=\"text-align: justify;\">Une r\u00e9duction du personnel est instaur\u00e9e, 50% pr\u00e9sent et 50% en confinement pour permettre une continuit\u00e9 de traitement en cas de contamination. Des mesures de r\u00e9duction du nombre de patients sont prises par l&rsquo;arr\u00eat des visites de contr\u00f4le sauf en cas d\u2019urgence, de r\u00e9cidive ou de renouvellement des ordonnances. Des protocoles hypo fractionn\u00e9s sont utilis\u00e9s dans le cancer du sein, de la prostate, du rectum, de l\u2019oesophage, du cerveau, du poumon. Des rendez-vous de d\u00e9but de radioth\u00e9rapie sont retard\u00e9s de 3 \u00e0 6 mois dans les cancers de prostate sous hormonoth\u00e9rapie, des seins de bon pronostic sous hormonoth\u00e9rapie. Tous nos efforts se concentrent sur la protection des patients et du personnel de la contamination par le coronavirus, si un patient est confirm\u00e9 COVID+ on arr\u00eate la radioth\u00e9rapie en attendant sa n\u00e9gativation pour discuter comment rattraper les s\u00e9ances d&rsquo;arr\u00eat.<\/p>\n<p style=\"text-align: justify;\">Les patients sont r\u00e9guli\u00e8rement contact\u00e9s par leurs m\u00e9decins traitants par t\u00e9l\u00e9phone ou par whatsApp chaque fois que c\u2019est n\u00e9cessaire.<strong>\u00a0<\/strong><\/p>\n<\/div><\/div><\/div><\/div><\/div><\/div><\/div><\/div><\/div><\/div><div class=\"ult-spacer spacer-69f4101472588\" data-id=\"69f4101472588\" data-height=\"35\" data-height-mobile=\"35\" data-height-tab=\"35\" data-height-tab-portrait=\"\" data-height-mobile-landscape=\"\" style=\"clear:both;display:block;\"><\/div><div class=\"g-cols wpb_row us_custom_60e9caca us_animate_this via_grid cols_1 laptops-cols_inherit tablets-cols_inherit mobiles-cols_1 valign_top type_default stacking_default\" style=\"--columns-gap:3rem;\"><div class=\"wpb_column vc_column_container\"><div class=\"vc_column-inner\"><div class=\"w-text us_custom_7ccf62ca has_text_color\"><span class=\"w-text-h\"><span class=\"w-text-value\">PARTENAIRES<\/span><\/span><\/div><\/div><\/div><\/div><div class=\"w-image align_center\"><div class=\"w-image-h\"><img decoding=\"async\" width=\"1300\" height=\"231\" src=\"https:\/\/onetech.dev\/covid\/data\/partenaire.png\" class=\"attachment-full size-full\" alt=\"\" loading=\"lazy\" srcset=\"https:\/\/onetech.dev\/covid\/data\/partenaire.png 1300w, https:\/\/onetech.dev\/covid\/data\/partenaire-300x53.png 300w, https:\/\/onetech.dev\/covid\/data\/partenaire-1024x182.png 1024w, https:\/\/onetech.dev\/covid\/data\/partenaire-150x27.png 150w\" sizes=\"auto, (max-width: 1300px) 100vw, 1300px\" \/><\/div><\/div><\/div><\/div><\/div><\/div><\/section>\n","protected":false},"excerpt":{"rendered":"RECOMMANDATIONS G\u00c9N\u00c9RALES Radioth\u00e9rapie RetourRecommandations G\u00e9n\u00e9rales La radioth\u00e9rapie est un excellent moyen th\u00e9rapeutique \u00e0 vis\u00e9e curative, seul ou en association \u00e0 la chirurgie ou \u00e0 la chimioth\u00e9rapie, ou \u00e0 vis\u00e9e palliative. La radioth\u00e9rapie est d\u00e9livr\u00e9e en mode fractionn\u00e9 sur plusieurs jours ou semaines pour avoir un effet radiobiologique sur la tumeur qui essaie d\u2019\u00e9pargner au maximum...","protected":false},"author":1,"featured_media":0,"parent":0,"menu_order":0,"comment_status":"closed","ping_status":"closed","template":"","meta":{"footnotes":""},"class_list":["post-131","page","type-page","status-publish","hentry"],"_links":{"self":[{"href":"https:\/\/onetech.dev\/covid\/wp-json\/wp\/v2\/pages\/131","targetHints":{"allow":["GET"]}}],"collection":[{"href":"https:\/\/onetech.dev\/covid\/wp-json\/wp\/v2\/pages"}],"about":[{"href":"https:\/\/onetech.dev\/covid\/wp-json\/wp\/v2\/types\/page"}],"author":[{"embeddable":true,"href":"https:\/\/onetech.dev\/covid\/wp-json\/wp\/v2\/users\/1"}],"replies":[{"embeddable":true,"href":"https:\/\/onetech.dev\/covid\/wp-json\/wp\/v2\/comments?post=131"}],"version-history":[{"count":1,"href":"https:\/\/onetech.dev\/covid\/wp-json\/wp\/v2\/pages\/131\/revisions"}],"predecessor-version":[{"id":132,"href":"https:\/\/onetech.dev\/covid\/wp-json\/wp\/v2\/pages\/131\/revisions\/132"}],"wp:attachment":[{"href":"https:\/\/onetech.dev\/covid\/wp-json\/wp\/v2\/media?parent=131"}],"curies":[{"name":"wp","href":"https:\/\/api.w.org\/{rel}","templated":true}]}}