{"id":49,"date":"2020-12-14T11:47:08","date_gmt":"2020-12-14T10:47:08","guid":{"rendered":"https:\/\/onetech.dev\/covid\/?page_id=49"},"modified":"2026-04-22T11:01:57","modified_gmt":"2026-04-22T10:01:57","slug":"introduction","status":"publish","type":"page","link":"https:\/\/onetech.dev\/covid\/introduction","title":{"rendered":"Introduction"},"content":{"rendered":"<section class=\"l-section wpb_row height_small\"><div class=\"l-section-h i-cf\"><div class=\"g-cols vc_row via_grid cols_1 laptops-cols_inherit tablets-cols_inherit mobiles-cols_1 valign_top type_default stacking_default\"><div class=\"wpb_column vc_column_container type_sticky\"><div class=\"vc_column-inner\" style=\"top:180px\"><div class=\"w-image us_custom_fb33871a us_animate_this has_height align_center\"><div class=\"w-image-h\"><img decoding=\"async\" width=\"900\" height=\"127\" src=\"https:\/\/onetech.dev\/covid\/data\/irc_logo.png\" class=\"attachment-full size-full\" alt=\"\" loading=\"lazy\" srcset=\"https:\/\/onetech.dev\/covid\/data\/irc_logo.png 900w, https:\/\/onetech.dev\/covid\/data\/irc_logo-300x42.png 300w, https:\/\/onetech.dev\/covid\/data\/irc_logo-150x21.png 150w\" sizes=\"auto, (max-width: 900px) 100vw, 900px\" \/><\/div><\/div><\/div><\/div><\/div><\/div><\/section><section class=\"l-section wpb_row height_small\"><div class=\"l-section-h i-cf\"><div class=\"g-cols vc_row via_grid cols_1 laptops-cols_inherit tablets-cols_inherit mobiles-cols_1 valign_top type_default stacking_default\"><div class=\"wpb_column vc_column_container us_custom_60e9caca us_animate_this\"><div class=\"vc_column-inner\"><div class=\"wpb_text_column\"><div class=\"wpb_wrapper\"><p style=\"text-align: justify;\">Le Maroc, \u00e0 l\u2019instar de la majorit\u00e9 des pays du globe, fait face \u00e0 une situation in\u00e9dite de pand\u00e9mie mondiale au coronavirus responsable de la maladie dite COVID 19.<\/p>\n<p class=\"style3\" style=\"text-align: left;\">Les patients fragiles sont consid\u00e9r\u00e9s comme \u00e9tant \u00e0 haut risque de complications et de mortalit\u00e9 par le COVID 19.<\/p>\n<p style=\"text-align: justify;\">Les premi\u00e8res donn\u00e9es publi\u00e9es par les \u00e9quipes chinoises ont d\u00e9montr\u00e9 que les patients atteints de cancer font partie de cette cat\u00e9gorie \u00e0 haut risque et doivent faire l\u2019objet de mesure de protection sp\u00e9cifque.<\/p>\n<p style=\"text-align: justify;\">Malheureusement,les premi\u00e8res donn\u00e9es publi\u00e9es par Liang et al dans le Lancet oncology (2020) ont d\u00e9montr\u00e9 que les traitements anticanc\u00e9reux m\u00e9dicaux, chirurgicaux et la radioth\u00e9rapie peuvent aggraver le risque d\u2019infection et de complications au COVID19.<\/p>\n<p style=\"text-align: justify;\">En l\u2019absence de niveau de preuve suffisant, les recommandations publi\u00e9es sur le COVID et Cancer se basent sur le bon sens et \u00e9galement sur le contexte local de chaque pays.<\/p>\n<p style=\"text-align: justify;\">Les autorit\u00e9s sanitaires marocaines ont \u00e9mis des recommandations g\u00e9n\u00e9rales destin\u00e9es \u00e0 organiser le recours aux tests diagnostiques du COVID 19, au traitement des cas confirm\u00e9s ou suspects et \u00e0 la protection du personnel soignant.<\/p>\n<p style=\"text-align: justify;\">Les soci\u00e9t\u00e9s savantes marocaines ont r\u00e9agi avec c\u00e9l\u00e9rit\u00e9 pour \u00e9mettre des recommandations locales de qualit\u00e9. L\u2019Institut de Recherche sur le Cancer (IRC) structure nationale de r\u00e9f\u00e9rence en mati\u00e8re de recherche sur le cancer a propos\u00e9 aux diff\u00e9rents intervenants un travail collaboratif global autour du th\u00e8me COVID et cancer avec une approche holistique du diagnostic au traitement visant \u00e0 produire des recommandations pratiques contextualis\u00e9es adapt\u00e9es aux particularit\u00e9s marocaines.<\/p>\n<p style=\"text-align: justify;\">Une d\u00e9marche scientifique rigoureuse a \u00e9t\u00e9 adopt\u00e9e avec:<\/p>\n<p style=\"text-align: justify;\">&#8211; La cr\u00e9ation d\u2019un comit\u00e9 COVID-Cancer<\/p>\n<p class=\"style4\" style=\"text-align: left;\">&#8211; La tenue d\u2019une e-conf\u00e9rence le 15 avril sur la base d\u2019une recherche bibliographique exhaustive men\u00e9e par chaque expert dans son champs de comp\u00e9tence couvrant l\u2019\u00e9pid\u00e9miologie, la biologie, le diagnostic, la radiologie et les aspects th\u00e9rapeutiques en oncologie et en onco-h\u00e9matologie.<\/p>\n<p style=\"text-align: justify;\">&#8211; La tenue d\u2019une e-conf\u00e9rence le 29 avril d\u00e9di\u00e9e \u00e0 l\u2019oncologie p\u00e9diatrique en p\u00e9riode de pand\u00e9mie COVID.<\/p>\n<p class=\"style4\" style=\"text-align: left;\">&#8211; La tenue d\u2019un webinar consacr\u00e9 \u00e0 la discussion et l\u2019adoption d\u2019une m\u00e9thodologie de r\u00e9daction du r\u00e9f\u00e9rentiel<\/p>\n<p style=\"text-align: justify;\">&#8211; L\u2019organisation en comit\u00e9 de r\u00e9daction et en comit\u00e9 de lecture.<\/p>\n<p style=\"text-align: justify;\">&#8211; L\u2019envoi \u00e0 tous les intervenants d\u2019un briefing m\u00e9thodologique.<\/p>\n<p style=\"text-align: justify;\">&#8211; La version provisoire \u00e9mise par le comit\u00e9 de r\u00e9daction a \u00e9t\u00e9 revue, corrig\u00e9e et valid\u00e9e par le comit\u00e9 de lecture<\/p>\n<p style=\"text-align: justify;\">A noter que ce r\u00e9f\u00e9rentiel, sera \u00e9volutif en fonction de l\u2019\u00e9volution de la situation \u00e9pid\u00e9miologique d\u2019une part, d\u2019autre part il sera diffus\u00e9 en version standard et sous forme d\u2019une application web.<\/p>\n<\/div><\/div><\/div><\/div><\/div><\/div><\/section>\n","protected":false},"excerpt":{"rendered":"Le Maroc, \u00e0 l\u2019instar de la majorit\u00e9 des pays du globe, fait face \u00e0 une situation in\u00e9dite de pand\u00e9mie mondiale au coronavirus responsable de la maladie dite COVID 19. Les patients fragiles sont consid\u00e9r\u00e9s comme \u00e9tant \u00e0 haut risque de complications et de mortalit\u00e9 par le COVID 19. Les premi\u00e8res donn\u00e9es publi\u00e9es par les \u00e9quipes...","protected":false},"author":1,"featured_media":0,"parent":0,"menu_order":0,"comment_status":"closed","ping_status":"closed","template":"","meta":{"footnotes":""},"class_list":["post-49","page","type-page","status-publish","hentry"],"_links":{"self":[{"href":"https:\/\/onetech.dev\/covid\/wp-json\/wp\/v2\/pages\/49","targetHints":{"allow":["GET"]}}],"collection":[{"href":"https:\/\/onetech.dev\/covid\/wp-json\/wp\/v2\/pages"}],"about":[{"href":"https:\/\/onetech.dev\/covid\/wp-json\/wp\/v2\/types\/page"}],"author":[{"embeddable":true,"href":"https:\/\/onetech.dev\/covid\/wp-json\/wp\/v2\/users\/1"}],"replies":[{"embeddable":true,"href":"https:\/\/onetech.dev\/covid\/wp-json\/wp\/v2\/comments?post=49"}],"version-history":[{"count":7,"href":"https:\/\/onetech.dev\/covid\/wp-json\/wp\/v2\/pages\/49\/revisions"}],"predecessor-version":[{"id":57,"href":"https:\/\/onetech.dev\/covid\/wp-json\/wp\/v2\/pages\/49\/revisions\/57"}],"wp:attachment":[{"href":"https:\/\/onetech.dev\/covid\/wp-json\/wp\/v2\/media?parent=49"}],"curies":[{"name":"wp","href":"https:\/\/api.w.org\/{rel}","templated":true}]}}

<section class="l-section wpb_row height_small"><div class="l-section-h i-cf"><div class="g-cols vc_row via_grid cols_1 laptops-cols_inherit tablets-cols_inherit mobiles-cols_1 valign_top type_default stacking_default"><div class="wpb_column vc_column_container type_sticky"><div class="vc_column-inner" style="top:180px"><div class="w-image us_custom_fb33871a us_animate_this has_height align_center"><div class="w-image-h"><img decoding="async" width="900" height="127" src="https://onetech.dev/covid/data/irc_logo.png" class="attachment-full size-full" alt="" loading="lazy" srcset="https://onetech.dev/covid/data/irc_logo.png 900w, https://onetech.dev/covid/data/irc_logo-300x42.png 300w, https://onetech.dev/covid/data/irc_logo-150x21.png 150w" sizes="auto, (max-width: 900px) 100vw, 900px" /></div></div></div></div></div></div></section><section class="l-section wpb_row height_small"><div class="l-section-h i-cf"><div class="g-cols vc_row via_grid cols_1 laptops-cols_inherit tablets-cols_inherit mobiles-cols_1 valign_top type_default stacking_default"><div class="wpb_column vc_column_container us_custom_60e9caca us_animate_this"><div class="vc_column-inner"><div class="wpb_text_column"><div class="wpb_wrapper"><p style="text-align: justify;">Le Maroc, à l’instar de la majorité des pays du globe, fait face à une situation inédite de pandémie mondiale au coronavirus responsable de la maladie dite COVID 19.</p>
<p class="style3" style="text-align: left;">Les patients fragiles sont considérés comme étant à haut risque de complications et de mortalité par le COVID 19.</p>
<p style="text-align: justify;">Les premières données publiées par les équipes chinoises ont démontré que les patients atteints de cancer font partie de cette catégorie à haut risque et doivent faire l’objet de mesure de protection spécifque.</p>
<p style="text-align: justify;">Malheureusement,les premières données publiées par Liang et al dans le Lancet oncology (2020) ont démontré que les traitements anticancéreux médicaux, chirurgicaux et la radiothérapie peuvent aggraver le risque d’infection et de complications au COVID19.</p>
<p style="text-align: justify;">En l’absence de niveau de preuve suffisant, les recommandations publiées sur le COVID et Cancer se basent sur le bon sens et également sur le contexte local de chaque pays.</p>
<p style="text-align: justify;">Les autorités sanitaires marocaines ont émis des recommandations générales destinées à organiser le recours aux tests diagnostiques du COVID 19, au traitement des cas confirmés ou suspects et à la protection du personnel soignant.</p>
<p style="text-align: justify;">Les sociétés savantes marocaines ont réagi avec célérité pour émettre des recommandations locales de qualité. L’Institut de Recherche sur le Cancer (IRC) structure nationale de référence en matière de recherche sur le cancer a proposé aux différents intervenants un travail collaboratif global autour du thème COVID et cancer avec une approche holistique du diagnostic au traitement visant à produire des recommandations pratiques contextualisées adaptées aux particularités marocaines.</p>
<p style="text-align: justify;">Une démarche scientifique rigoureuse a été adoptée avec:</p>
<p style="text-align: justify;">&#8211; La création d’un comité COVID-Cancer</p>
<p class="style4" style="text-align: left;">&#8211; La tenue d’une e-conférence le 15 avril sur la base d’une recherche bibliographique exhaustive menée par chaque expert dans son champs de compétence couvrant l’épidémiologie, la biologie, le diagnostic, la radiologie et les aspects thérapeutiques en oncologie et en onco-hématologie.</p>
<p style="text-align: justify;">&#8211; La tenue d’une e-conférence le 29 avril dédiée à l’oncologie pédiatrique en période de pandémie COVID.</p>
<p class="style4" style="text-align: left;">&#8211; La tenue d’un webinar consacré à la discussion et l’adoption d’une méthodologie de rédaction du référentiel</p>
<p style="text-align: justify;">&#8211; L’organisation en comité de rédaction et en comité de lecture.</p>
<p style="text-align: justify;">&#8211; L’envoi à tous les intervenants d’un briefing méthodologique.</p>
<p style="text-align: justify;">&#8211; La version provisoire émise par le comité de rédaction a été revue, corrigée et validée par le comité de lecture</p>
<p style="text-align: justify;">A noter que ce référentiel, sera évolutif en fonction de l’évolution de la situation épidémiologique d’une part, d’autre part il sera diffusé en version standard et sous forme d’une application web.</p>
</div></div></div></div></div></div></section>

Le Maroc, à l’instar de la majorité des pays du globe, fait face à une situation inédite de pandémie mondiale au coronavirus responsable de la maladie dite COVID 19. Les patients fragiles sont considérés comme étant à haut risque de complications et de mortalité par le COVID 19. Les premières données publiées par les équipes...
