{"id":1016,"date":"2026-04-20T14:33:13","date_gmt":"2026-04-20T13:33:13","guid":{"rendered":"https:\/\/onetech.dev\/irc\/?page_id=1016"},"modified":"2026-04-20T14:33:13","modified_gmt":"2026-04-20T13:33:13","slug":"registre-des-cancers-du-grand-casablanca","status":"publish","type":"page","link":"https:\/\/onetech.dev\/irc\/registres-des-cancers\/registre-populationnel\/registre-des-cancers-du-grand-casablanca","title":{"rendered":"Registre des cancers du Grand Casablanca"},"content":{"rendered":"<section class=\"l-section wpb_row height_auto\"><div class=\"l-section-h i-cf\"><div class=\"g-cols vc_row via_grid cols_1 laptops-cols_inherit tablets-cols_inherit mobiles-cols_1 valign_top type_default stacking_default\"><div class=\"wpb_column vc_column_container\"><div class=\"vc_column-inner\"><div class=\"ult-spacer spacer-69f40d3750f19\" data-id=\"69f40d3750f19\" data-height=\"25\" data-height-mobile=\"25\" data-height-tab=\"25\" data-height-tab-portrait=\"\" data-height-mobile-landscape=\"\" style=\"clear:both;display:block;\"><\/div><div id=\"uvc-type-wrap-9242\"  data-ultimate-target='#uvc-type-wrap-9242'  data-responsive-json-new='{\"font-size\":\"desktop:26px;\",\"line-height\":\"\"}'  class=\"uvc-type-wrap  ult-adjust-bottom-margin ult-responsive  uvc-type-align-center  uvc-wrap-380163427669f40d3750f41\" style=\"text-align:center;\"><span  data-ultimate-target='#uvc-type-wrap-9242 .mycustfancy'  data-responsive-json-new='{\"font-size\":\"desktop:26px;\",\"line-height\":\"\"}'  class=\"ultimate-typewriter-prefix mycustfancy ult-responsive\" style=\"font-weight:bold;color:#1B76BC; text-transform: unset;\">Registres des<\/span><span id=\"typed-380163427669f40d3750f41\" class=\"ultimate-typed-main fancytext-typewriter-background-enabled\" style=\"color:#1B76BC;background:#00000000; font-weight:bold; text-transform: unset;\"><\/span><script type=\"text\/javascript\">\n\t\t\t\t\t\tjQuery(function($){ \n\t\t\t\t\t\t\t$(document).ready(function(){\n\t\t\t\t\t\t\t\tif( typeof jQuery(\"#typed-380163427669f40d3750f41\").typed == \"function\"){\n\t\t\t\t\t\t\t\t\t$(\"#typed-380163427669f40d3750f41\").typed({\n\t\t\t\t\t\t\t\t\t\tstrings: [\"Cancers\"],\n\t\t\t\t\t\t\t\t\t\ttypeSpeed: 35,\n\t\t\t\t\t\t\t\t\t\tbackSpeed: 0,\n\t\t\t\t\t\t\t\t\t\tstartDelay: \"200\",\n\t\t\t\t\t\t\t\t\t\tbackDelay: \"1500\",\n\t\t\t\t\t\t\t\t\t\tloop: true,\n\t\t\t\t\t\t\t\t\t\tloopCount: false,\n\t\t\t\t\t\t\t\t\t\tshowCursor: true,\n\t\t\t\t\t\t\t\t\t\tcursorChar: \"|\",\n\t\t\t\t\t\t\t\t\t\tattr: null\n\t\t\t\t\t\t\t\t\t});\n\t\t\t\t\t\t\t\t}\n\t\t\t\t\t\t\t});\n\t\t\t\t\t\t});\n\t\t\t\t\t<\/script><\/div><div class=\"ult-spacer spacer-69f40d37511b3\" data-id=\"69f40d37511b3\" data-height=\"10\" data-height-mobile=\"10\" data-height-tab=\"10\" data-height-tab-portrait=\"\" data-height-mobile-landscape=\"\" style=\"clear:both;display:block;\"><\/div><\/div><\/div><\/div><\/div><\/section><section class=\"l-section wpb_row height_auto width_custom\" style=\"--site-content-width:1200px;\"><div class=\"l-section-h i-cf\"><div class=\"g-cols vc_row via_grid cols_1 laptops-cols_inherit tablets-cols_inherit mobiles-cols_1 valign_top type_default stacking_default\"><div class=\"wpb_column vc_column_container us_custom_60e9caca us_animate_this\"><div class=\"vc_column-inner\"><div class=\"w-text us_custom_11277739 has_text_color\"><span class=\"w-text-h\"><span class=\"w-text-value\">Registre des cancers du Grand Casablanca<\/span><\/span><\/div><div class=\"ult-spacer spacer-69f40d3751967\" data-id=\"69f40d3751967\" data-height=\"20\" data-height-mobile=\"20\" data-height-tab=\"20\" data-height-tab-portrait=\"\" data-height-mobile-landscape=\"\" style=\"clear:both;display:block;\"><\/div><div class=\"wpb_text_column\"><div class=\"wpb_wrapper\"><p style=\"text-align: justify;\">Le cancer constitue un v\u00e9ritable probl\u00e8me de sant\u00e9 publique partout dans le monde. La lutte contre ce fl\u00e9au commence par sa connaissance qui se base essentiellement sur sa description en mati\u00e8re d\u2019incidence et de mortalit\u00e9, les principaux groupes \u00e0 risque et sa tendance temporo-spatiale. Ainsi, la surveillance du cancer est essentielle pour fournir des statistiques et des donn\u00e9es utiles pour la prise de d\u00e9cisions, surtout que l\u2019incidence est en perp\u00e9tuelle augmentation \u00e0 l\u2019\u00e9chelle mondiale.Le registre des cancers du Grand Casablanca (RCGC) a \u00e9t\u00e9 mis en place en 2004 par un groupe d\u2019enseignants chercheurs de la facult\u00e9 de m\u00e9decine et de pharmacie de Casablanca. La mission de surveillance \u00e9pid\u00e9miologique des cancers au niveau de la zone couverte, lui a \u00e9t\u00e9 attribu\u00e9e par le Minist\u00e8re de la Sant\u00e9 et la Fondation Lalla Salma (FLSC). Il r\u00e9pond \u00e0 la d\u00e9finition d\u2019un registre de population, il effectue un recueil continu et exhaustif de donn\u00e9es nominatives sur les nouveaux cas de cancer r\u00e9sidents au sein d\u2019une zone bien d\u00e9finie, \u00e0 des fins de recherche en sant\u00e9 publique, tout en suivant les standards du Centre International de Recherche sur le cancer (CIRC). La zone couverte par le RCGC est repr\u00e9sent\u00e9 par r\u00e9gion du Grand Casablanca selon le d\u00e9coupage administratif de 2003 (16 r\u00e9gions), incluant la pr\u00e9fecture de Casablanca, la pr\u00e9fecture de Mohammedia, la Province de M\u00e9diouna et la Province de Nouaceur. La taille de la population dans cette zone est estim\u00e9e \u00e0 4 248 507 selon le recensement de 2014, repr\u00e9sentant ainsi 12,6 % de la population Marocaine.<\/p>\n<\/div><\/div><div class=\"ult-spacer spacer-69f40d3751bdd\" data-id=\"69f40d3751bdd\" data-height=\"15\" data-height-mobile=\"15\" data-height-tab=\"15\" data-height-tab-portrait=\"\" data-height-mobile-landscape=\"\" style=\"clear:both;display:block;\"><\/div><div class=\"wpb_text_column\"><div class=\"wpb_wrapper\"><p style=\"text-align: justify;\">L\u2019inclusion des nouveaux cas de cancers dans la base de donn\u00e9es du registre se fait selon les crit\u00e8res suivants :<\/p>\n<p><strong>Les crit\u00e8res d\u2019inclusion<\/strong><\/p>\n<ol>\n<li style=\"text-align: justify;\">Toute tumeur maligne invasive, quel que soit son si\u00e8ge primitif, diagnostiqu\u00e9e depuis le 1er janvier 2004.<\/li>\n<li style=\"text-align: justify;\">Chez un sujet de tout \u00e2ge r\u00e9sident dans la zone g\u00e9ographique concern\u00e9e au moment du diagnostic (r\u00e9gion Grand Casablanca).<\/li>\n<\/ol>\n<p><strong>Les crit\u00e8res d\u2019exclusion<\/strong><\/p>\n<ol>\n<li style=\"text-align: justify;\">Toute tumeur b\u00e9nigne ou de malignit\u00e9 incertaine.<\/li>\n<li>Toute r\u00e9cidive tumorale.<\/li>\n<\/ol>\n<\/div><\/div><div class=\"ult-spacer spacer-69f40d3751da6\" data-id=\"69f40d3751da6\" data-height=\"15\" data-height-mobile=\"15\" data-height-tab=\"15\" data-height-tab-portrait=\"\" data-height-mobile-landscape=\"\" style=\"clear:both;display:block;\"><\/div><div class=\"wpb_text_column\"><div class=\"wpb_wrapper\"><p style=\"text-align: justify;\">Les nouveaux cas sont recueillis \u00e0 partir d\u2019une multitude de sources. Ces sources couvrent toutes les structures sanitaires, au niveau de la zone couverte, pouvant accueillir les patients atteints de cancer \u00e0 un moment donn\u00e9 de leurs parcours pour se faire diagnostiquer ou traiter. Ces diff\u00e9rentes structures peuvent repr\u00e9senter un point de d\u00e9pistage, de diagnostic, de prise en charge th\u00e9rapeutique ou d\u2019un accompagnement au cours des soins palliatifs. Ces sources de notification sont repr\u00e9sent\u00e9es par les h\u00f4pitaux publics, les centres d\u2019oncologie, les cliniques priv\u00e9s et les laboratoires d\u2019anatomie pathologique publiques et priv\u00e9s. Et \u00e0 partir de 2015 les bureaux communaux d\u2019hygi\u00e8ne sont aussi consid\u00e9r\u00e9s comme une source de cas. Ils collaborent avec le registre en notifiant les d\u00e9c\u00e8s par cancer.<\/p>\n<\/div><\/div><div class=\"ult-spacer spacer-69f40d3751ed1\" data-id=\"69f40d3751ed1\" data-height=\"30\" data-height-mobile=\"30\" data-height-tab=\"30\" data-height-tab-portrait=\"\" data-height-mobile-landscape=\"\" style=\"clear:both;display:block;\"><\/div><div class=\"g-cols wpb_row via_grid cols_4 laptops-cols_inherit tablets-cols_inherit mobiles-cols_1 valign_top type_default stacking_default\" style=\"--columns-gap:3rem;\"><div class=\"wpb_column vc_column_container us_custom_7e20fa79 us_animate_this\"><div class=\"vc_column-inner\"><div class=\"w-image align_center\"><a target=\"_blank\" href=\"https:\/\/www.encr.eu\/\" aria-label=\"graph-1\" class=\"w-image-h\"><img decoding=\"async\" width=\"220\" height=\"150\" src=\"https:\/\/onetech.dev\/irc\/data\/graph-1.jpg\" class=\"attachment-full size-full\" alt=\"\" loading=\"lazy\" srcset=\"https:\/\/onetech.dev\/irc\/data\/graph-1.jpg 220w, https:\/\/onetech.dev\/irc\/data\/graph-1-150x102.jpg 150w\" sizes=\"auto, (max-width: 220px) 100vw, 220px\" \/><\/a><\/div><div class=\"w-text us_custom_1fec7020 has_text_color\"><span class=\"w-text-h\"><span class=\"w-text-value\">Graphique en Secteurs<\/span><\/span><\/div><div class=\"ult-spacer spacer-69f40d3752696\" data-id=\"69f40d3752696\" data-height=\"10\" data-height-mobile=\"10\" data-height-tab=\"10\" data-height-tab-portrait=\"\" data-height-mobile-landscape=\"\" style=\"clear:both;display:block;\"><\/div><div class=\"wpb_text_column\"><div class=\"wpb_wrapper\"><p style=\"text-align: justify;\">Proportion d\u2019un type de cancer selon l\u2019ensemble des cas. <a href=\"https:\/\/app.powerbi.com\/view?r=eyJrIjoiMzJjNWEwNzgtNjMwZi00Nzg0LTg5NDgtMGQyYzk0MzczYTc1IiwidCI6IjE4ZmZiZjNhLWNjNGUtNDE3MS1iYjA3LWJlMTcyYjE3ODQxNyIsImMiOjh9\" target=\"_blank\" rel=\"noopener\">Visualiser<\/a><\/p>\n<p style=\"text-align: justify;\">R\u00e9partition d\u2019un type de cancer selon le sexe. <a href=\"https:\/\/app.powerbi.com\/view?r=eyJrIjoiOWYwMjVlMjMtNGIwZC00ZjczLTk3ZTUtMjQ2MDE1N2UxZWUyIiwidCI6IjE4ZmZiZjNhLWNjNGUtNDE3MS1iYjA3LWJlMTcyYjE3ODQxNyIsImMiOjh9\" target=\"_blank\" rel=\"noopener\">Visualiser<\/a><\/p>\n<\/div><\/div><\/div><\/div><div class=\"wpb_column vc_column_container us_custom_8f2ba1f4 us_animate_this\"><div class=\"vc_column-inner\"><div class=\"w-image align_center\"><a target=\"_blank\" href=\"https:\/\/gicr.iarc.fr\/\" aria-label=\"graph\" class=\"w-image-h\"><img decoding=\"async\" width=\"220\" height=\"150\" src=\"https:\/\/onetech.dev\/irc\/data\/graph.jpg\" class=\"attachment-full size-full\" alt=\"\" loading=\"lazy\" srcset=\"https:\/\/onetech.dev\/irc\/data\/graph.jpg 220w, https:\/\/onetech.dev\/irc\/data\/graph-150x102.jpg 150w\" sizes=\"auto, (max-width: 220px) 100vw, 220px\" \/><\/a><\/div><div class=\"w-text us_custom_1fec7020 has_text_color\"><span class=\"w-text-h\"><span class=\"w-text-value\">Graphique en Courbe<\/span><\/span><\/div><div class=\"ult-spacer spacer-69f40d3752cac\" data-id=\"69f40d3752cac\" data-height=\"10\" data-height-mobile=\"10\" data-height-tab=\"10\" data-height-tab-portrait=\"\" data-height-mobile-landscape=\"\" style=\"clear:both;display:block;\"><\/div><div class=\"wpb_text_column\"><div class=\"wpb_wrapper\"><p style=\"text-align: justify;\">L\u2019\u00e9volution des cas de cancer par classe d\u2019\u00e2ge. <a href=\"https:\/\/app.powerbi.com\/view?r=eyJrIjoiYmI1YWJlNTAtZDk3OC00YTY4LTllNGMtNDQ4OWVlYzYyZjFmIiwidCI6IjE4ZmZiZjNhLWNjNGUtNDE3MS1iYjA3LWJlMTcyYjE3ODQxNyIsImMiOjh9\" target=\"_blank\" rel=\"noopener\">Visualiser<\/a><\/p>\n<\/div><\/div><\/div><\/div><div class=\"wpb_column vc_column_container us_custom_8f2ba1f4 us_animate_this\"><div class=\"vc_column-inner\"><div class=\"w-image align_center\"><a target=\"_blank\" href=\"http:\/\/www.iacr.com.fr\/\" aria-label=\"graph-3\" class=\"w-image-h\"><img decoding=\"async\" width=\"220\" height=\"150\" src=\"https:\/\/onetech.dev\/irc\/data\/graph-3.jpg\" class=\"attachment-full size-full\" alt=\"\" loading=\"lazy\" srcset=\"https:\/\/onetech.dev\/irc\/data\/graph-3.jpg 220w, https:\/\/onetech.dev\/irc\/data\/graph-3-150x102.jpg 150w\" sizes=\"auto, (max-width: 220px) 100vw, 220px\" \/><\/a><\/div><div class=\"w-text us_custom_1fec7020 has_text_color\"><span class=\"w-text-h\"><span class=\"w-text-value\">Graphique en Barres<\/span><\/span><\/div><div class=\"ult-spacer spacer-69f40d3753249\" data-id=\"69f40d3753249\" data-height=\"10\" data-height-mobile=\"10\" data-height-tab=\"10\" data-height-tab-portrait=\"\" data-height-mobile-landscape=\"\" style=\"clear:both;display:block;\"><\/div><div class=\"wpb_text_column\"><div class=\"wpb_wrapper\"><p style=\"text-align: justify;\">R\u00e9partition du nombre de cas d\u2019un type de cancer par sexe et classe d\u2019\u00e2ge. <a href=\"https:\/\/app.powerbi.com\/view?r=eyJrIjoiMzZmZjEyZjMtNmEwZi00Yjc1LTk1NzMtOTQ2ZmI3ZmQ0NmU5IiwidCI6IjE4ZmZiZjNhLWNjNGUtNDE3MS1iYjA3LWJlMTcyYjE3ODQxNyIsImMiOjh9\" target=\"_blank\" rel=\"noopener\">Visualiser<\/a><\/p>\n<p>R\u00e9partition de nombre de cas d\u2019un type de cancer par ann\u00e9e. <a href=\"https:\/\/app.powerbi.com\/view?r=eyJrIjoiNzFjMGY1ZGEtMTYyNi00YWQ1LTliNzAtZGE0MGRlNzgxNGIyIiwidCI6IjE4ZmZiZjNhLWNjNGUtNDE3MS1iYjA3LWJlMTcyYjE3ODQxNyIsImMiOjh9\" target=\"_blank\" rel=\"noopener\">Visualiser<\/a><\/p>\n<p style=\"text-align: justify;\">Les localisations les plus fr\u00e9quentes chez les deux sexes par classe d\u2019\u00e2ge. <a href=\"https:\/\/app.powerbi.com\/view?r=eyJrIjoiZTMxZWYzNWQtNDQzZC00NDM4LWI1NjktNGZjNDZmMzNjM2Q5IiwidCI6IjE4ZmZiZjNhLWNjNGUtNDE3MS1iYjA3LWJlMTcyYjE3ODQxNyIsImMiOjh9\" target=\"_blank\" rel=\"noopener\">Visualiser<\/a><\/p>\n<\/div><\/div><\/div><\/div><div class=\"wpb_column vc_column_container us_custom_47474b22 us_animate_this\"><div class=\"vc_column-inner\"><div class=\"w-image align_center\"><a target=\"_blank\" href=\"https:\/\/www.naaccr.org\/\" aria-label=\"graph-4\" class=\"w-image-h\"><img decoding=\"async\" width=\"220\" height=\"150\" src=\"https:\/\/onetech.dev\/irc\/data\/graph-4.jpg\" class=\"attachment-full size-full\" alt=\"\" loading=\"lazy\" srcset=\"https:\/\/onetech.dev\/irc\/data\/graph-4.jpg 220w, https:\/\/onetech.dev\/irc\/data\/graph-4-150x102.jpg 150w\" sizes=\"auto, (max-width: 220px) 100vw, 220px\" \/><\/a><\/div><div class=\"w-text us_custom_1fec7020 has_text_color\"><span class=\"w-text-h\"><span class=\"w-text-value\">Tableau des Donn\u00e9es<\/span><\/span><\/div><div class=\"ult-spacer spacer-69f40d375383f\" data-id=\"69f40d375383f\" data-height=\"10\" data-height-mobile=\"10\" data-height-tab=\"10\" data-height-tab-portrait=\"\" data-height-mobile-landscape=\"\" style=\"clear:both;display:block;\"><\/div><div class=\"wpb_text_column\"><div class=\"wpb_wrapper\"><p style=\"text-align: justify;\">Taux sp\u00e9cifiques d\u2019un type de cancer par classe d\u2019\u00e2ge. <a href=\"https:\/\/app.powerbi.com\/view?r=eyJrIjoiMTNiYzAzZjgtMGEwOC00YWMyLWJmZjktZWM2Njg4MGFiNmQ5IiwidCI6IjE4ZmZiZjNhLWNjNGUtNDE3MS1iYjA3LWJlMTcyYjE3ODQxNyIsImMiOjh9\" target=\"_blank\" rel=\"noopener\">Visualiser<\/a><\/p>\n<p style=\"text-align: justify;\">L\u2019incidence brute, standardis\u00e9e et cumul\u00e9e d\u2019un type de cancer entre 2008 et 2012. <em><strong>En cours<\/strong><\/em><\/p>\n<\/div><\/div><\/div><\/div><\/div><div class=\"ult-spacer spacer-69f40d37539aa\" data-id=\"69f40d37539aa\" data-height=\"40\" data-height-mobile=\"40\" data-height-tab=\"40\" data-height-tab-portrait=\"\" data-height-mobile-landscape=\"\" style=\"clear:both;display:block;\"><\/div><div class=\"g-cols wpb_row via_grid cols_2-1 laptops-cols_inherit tablets-cols_inherit mobiles-cols_1 valign_top type_default stacking_default\" style=\"--columns-gap:3rem;\"><div class=\"wpb_column vc_column_container us_custom_7e20fa79 us_animate_this\"><div class=\"vc_column-inner\"><div class=\"w-text us_custom_ab9cf480 has_text_color\"><span class=\"w-text-h\"><span class=\"w-text-value\"> Portail r\u00e9alis\u00e9 en collaboration avec l\u2019\u00e9quipe du registre des cancers du \u2018Centre Mohammed VI pour le traitement des cancers\u2019<\/span><\/span><\/div><div class=\"ult-spacer spacer-69f40d3753d04\" data-id=\"69f40d3753d04\" data-height=\"20\" data-height-mobile=\"20\" data-height-tab=\"20\" data-height-tab-portrait=\"\" data-height-mobile-landscape=\"\" style=\"clear:both;display:block;\"><\/div><div class=\"wpb_text_column\"><div class=\"wpb_wrapper\"><ul>\n<li style=\"text-align: justify;\"><strong>Pr BENIDER Abdellatif<\/strong> : Professeur de l\u2019enseignement sup\u00e9rieur en Radioth\u00e9rapie Oncologique et directeur du centre Mohammed VI pour le traitement des cancers, CHU IBN ROCHD, Casablanca.<\/li>\n<li style=\"text-align: justify;\"><strong>Dr BENDAHHOU Karima<\/strong> : M\u00e9decin \u00e9pid\u00e9miologiste et responsable du Registre.<\/li>\n<\/ul>\n<\/div><\/div><\/div><\/div><div class=\"wpb_column vc_column_container us_custom_47474b22 us_animate_this\"><div class=\"vc_column-inner\"><div class=\"w-image align_center\"><div class=\"w-image-h\"><img decoding=\"async\" width=\"740\" height=\"255\" src=\"https:\/\/onetech.dev\/irc\/data\/logo-registre.png\" class=\"attachment-full size-full\" alt=\"\" loading=\"lazy\" srcset=\"https:\/\/onetech.dev\/irc\/data\/logo-registre.png 740w, https:\/\/onetech.dev\/irc\/data\/logo-registre-350x121.png 350w, https:\/\/onetech.dev\/irc\/data\/logo-registre-150x52.png 150w\" sizes=\"auto, (max-width: 740px) 100vw, 740px\" \/><\/div><\/div><\/div><\/div><\/div><\/div><\/div><\/div><\/div><\/section><section class=\"l-section wpb_row height_small\"><div class=\"l-section-h i-cf\"><div class=\"g-cols vc_row via_grid cols_1 laptops-cols_inherit tablets-cols_inherit mobiles-cols_1 valign_top type_default stacking_default\"><div class=\"wpb_column vc_column_container\"><div class=\"vc_column-inner\"><\/div><\/div><\/div><\/div><\/section>\n","protected":false},"excerpt":{"rendered":"Registres desRegistre des cancers du Grand CasablancaLe cancer constitue un v\u00e9ritable probl\u00e8me de sant\u00e9 publique partout dans le monde. La lutte contre ce fl\u00e9au commence par sa connaissance qui se base essentiellement sur sa description en mati\u00e8re d\u2019incidence et de mortalit\u00e9, les principaux groupes \u00e0 risque et sa tendance temporo-spatiale. Ainsi, la surveillance du cancer...","protected":false},"author":1,"featured_media":0,"parent":575,"menu_order":0,"comment_status":"closed","ping_status":"closed","template":"","meta":{"_acf_changed":false,"footnotes":""},"class_list":["post-1016","page","type-page","status-publish","hentry"],"acf":[],"lang":"fr","translations":{"fr":1016},"pll_sync_post":[],"_links":{"self":[{"href":"https:\/\/onetech.dev\/irc\/wp-json\/wp\/v2\/pages\/1016","targetHints":{"allow":["GET"]}}],"collection":[{"href":"https:\/\/onetech.dev\/irc\/wp-json\/wp\/v2\/pages"}],"about":[{"href":"https:\/\/onetech.dev\/irc\/wp-json\/wp\/v2\/types\/page"}],"author":[{"embeddable":true,"href":"https:\/\/onetech.dev\/irc\/wp-json\/wp\/v2\/users\/1"}],"replies":[{"embeddable":true,"href":"https:\/\/onetech.dev\/irc\/wp-json\/wp\/v2\/comments?post=1016"}],"version-history":[{"count":8,"href":"https:\/\/onetech.dev\/irc\/wp-json\/wp\/v2\/pages\/1016\/revisions"}],"predecessor-version":[{"id":1025,"href":"https:\/\/onetech.dev\/irc\/wp-json\/wp\/v2\/pages\/1016\/revisions\/1025"}],"up":[{"embeddable":true,"href":"https:\/\/onetech.dev\/irc\/wp-json\/wp\/v2\/pages\/575"}],"wp:attachment":[{"href":"https:\/\/onetech.dev\/irc\/wp-json\/wp\/v2\/media?parent=1016"}],"curies":[{"name":"wp","href":"https:\/\/api.w.org\/{rel}","templated":true}]}}