{"id":1181,"date":"2026-04-22T17:03:47","date_gmt":"2026-04-22T16:03:47","guid":{"rendered":"https:\/\/onetech.dev\/irc\/?page_id=1181"},"modified":"2026-04-22T17:07:27","modified_gmt":"2026-04-22T16:07:27","slug":"aap-1","status":"publish","type":"page","link":"https:\/\/onetech.dev\/irc\/recherche\/appels-a-projets\/aap-2013\/aap-1","title":{"rendered":"Registre National des Cancers de l\u2019Enfant et de l\u2019Adolescent"},"content":{"rendered":"<section class=\"l-section wpb_row height_medium\"><div class=\"l-section-h i-cf\"><div class=\"g-cols vc_row via_grid cols_1 laptops-cols_inherit tablets-cols_inherit mobiles-cols_1 valign_top type_default stacking_default\"><div class=\"wpb_column vc_column_container\"><div class=\"vc_column-inner\"><div class=\"g-cols wpb_row via_grid cols_1-3 laptops-cols_inherit tablets-cols_inherit mobiles-cols_1 valign_top type_default stacking_default\" style=\"--columns-gap:3rem;\"><div class=\"wpb_column vc_column_container\"><div class=\"vc_column-inner\"><div class=\"wpb_text_column\"><div class=\"wpb_wrapper\"><p><span style=\"color: #1c75bc;\"><strong>Date de d\u00e9but :<\/strong><\/span><br \/>\n01\/07\/2014<\/p>\n<p><span style=\"color: #1c75bc;\"><strong>Date de cl\u00f4ture :<\/strong><\/span><br \/>\n30\/06\/2017<\/p>\n<p><strong><span style=\"color: #1c75bc;\">Site(s) de l&rsquo;\u00e9tude :<\/span><\/strong><br \/>\nFacult\u00e9 de M\u00e9decine et de Pharmacie de Rabat<\/p>\n<p><strong><span style=\"color: #1c75bc;\">Financement :<\/span><\/strong><br \/>\nFLSC<\/p>\n<p><span style=\"color: #1c75bc;\"><strong>T\u00e9l\u00e9chargement<\/strong><\/span><br \/>\n<a href=\"https:\/\/onetech.dev\/irc\/data\/PROJECT-12.docx\" target=\"_blank\" rel=\"noopener noreferrer\">Fichier<\/a><\/p>\n<\/div><\/div><\/div><\/div><div class=\"wpb_column vc_column_container\"><div class=\"vc_column-inner\"><div class=\"wpb_text_column\"><div class=\"wpb_wrapper\"><p><strong>Registre National des Cancers de l\u2019Enfant et de l\u2019Adolescent (RNCEA)<\/strong><\/p>\n<p style=\"text-align: justify;\">Le cancer de l\u2019enfant et de l\u2019adolescent, bien que rare reste une maladie mortelle. Les donn\u00e9es au Maroc sont \u00e9galement rares et fragmentaires et ne permettent pas de surveiller ces cancers et donc d\u2019en assurer un contr\u00f4le optimal.<\/p>\n<p style=\"text-align: justify;\">Devant la raret\u00e9 des cancers de l\u2019enfant, la couverture nationale s\u2019impose pour contribuer efficacement \u00e0 la surveillance sanitaire. Ce projet a donc pour objectif principal de mettre en place un syst\u00e8me de surveillance efficace et fiable des cancers de l\u2019enfant et de l\u2019adolescent et ce via un registre national des cancers de cette tranche d\u2019\u00e2ge.<\/p>\n<p style=\"text-align: justify;\">L\u2019unit\u00e9 du registre national du cancer de l\u2019enfant et de l\u2019adolescent est situ\u00e9e au sein du centre de recherche clinique au Centre Hospitalier universitaire Mohammed VI \u00e0 Marrakech. Elle a pour mission de recenser et d\u2019enregistrer tous les cas incidents de cancers dans la tranche d\u2019\u00e2ge de 0 \u00e0 19 ans au niveau du territoire national.<\/p>\n<p style=\"text-align: justify;\">Les donn\u00e9es obtenues permettront de disposer de chiffres d\u2019incidence brute et standardis\u00e9es, d\u2019\u00e9tudier la r\u00e9partition g\u00e9ographique et l\u2019\u00e9volution temporelle des cas de cancers mais aussi, d\u2019\u00e9valuer la survie des patients.<\/p>\n<p style=\"text-align: justify;\">Le registre national des cancers de l\u2019enfant et de l\u2019adolescent sera non seulement une source de donn\u00e9es pour la surveillance sanitaire mais aussi un outil pour conduire un programme de recherche d\u2019envergure et \u00e9valuer l\u2019impact des actions et programmes de sant\u00e9 publique.<\/p>\n<p><strong>Principal lnvestigator \/ program Director<\/strong><\/p>\n<p>TAHA AZZEDDINE<br \/>\nCHU Mohammed VI Marrakech<\/p>\n<p>EL HOUDZI JAMILA<br \/>\nCHU Med VI \/ Facult\u00e9 de M\u00e9decine et de Pharmacie de Marrakech<\/p>\n<p><strong>Collaborators<\/strong><\/p>\n<p>AMINE Mohammed<br \/>\nCHU Med VI \/ Facult\u00e9 de M\u00e9decine et de Pharmacie de Marrakech<\/p>\n<p>MAHMAL Lhoucine<br \/>\nCHU Med VI \/ Facult\u00e9 de M\u00e9decine et de Pharmacie de Marrakech<\/p>\n<p>HARIF Mhmamed<br \/>\nCHU Med VI \/ Facult\u00e9 de M\u00e9decine et de Pharmacie de Marrakech<\/p>\n<\/div><\/div><\/div><\/div><\/div><\/div><\/div><\/div><\/div><\/section>\n","protected":false},"excerpt":{"rendered":"Date de d\u00e9but : 01\/07\/2014 Date de cl\u00f4ture : 30\/06\/2017 Site(s) de l&rsquo;\u00e9tude : Facult\u00e9 de M\u00e9decine et de Pharmacie de Rabat Financement : FLSC T\u00e9l\u00e9chargement Fichier Registre National des Cancers de l\u2019Enfant et de l\u2019Adolescent (RNCEA) Le cancer de l\u2019enfant et de l\u2019adolescent, bien que rare reste une maladie mortelle. Les donn\u00e9es au Maroc...","protected":false},"author":1,"featured_media":0,"parent":1144,"menu_order":0,"comment_status":"closed","ping_status":"closed","template":"","meta":{"_acf_changed":false,"footnotes":""},"class_list":["post-1181","page","type-page","status-publish","hentry"],"acf":[],"lang":"fr","translations":{"fr":1181},"pll_sync_post":[],"_links":{"self":[{"href":"https:\/\/onetech.dev\/irc\/wp-json\/wp\/v2\/pages\/1181","targetHints":{"allow":["GET"]}}],"collection":[{"href":"https:\/\/onetech.dev\/irc\/wp-json\/wp\/v2\/pages"}],"about":[{"href":"https:\/\/onetech.dev\/irc\/wp-json\/wp\/v2\/types\/page"}],"author":[{"embeddable":true,"href":"https:\/\/onetech.dev\/irc\/wp-json\/wp\/v2\/users\/1"}],"replies":[{"embeddable":true,"href":"https:\/\/onetech.dev\/irc\/wp-json\/wp\/v2\/comments?post=1181"}],"version-history":[{"count":4,"href":"https:\/\/onetech.dev\/irc\/wp-json\/wp\/v2\/pages\/1181\/revisions"}],"predecessor-version":[{"id":1186,"href":"https:\/\/onetech.dev\/irc\/wp-json\/wp\/v2\/pages\/1181\/revisions\/1186"}],"up":[{"embeddable":true,"href":"https:\/\/onetech.dev\/irc\/wp-json\/wp\/v2\/pages\/1144"}],"wp:attachment":[{"href":"https:\/\/onetech.dev\/irc\/wp-json\/wp\/v2\/media?parent=1181"}],"curies":[{"name":"wp","href":"https:\/\/api.w.org\/{rel}","templated":true}]}}

<section class="l-section wpb_row height_medium"><div class="l-section-h i-cf"><div class="g-cols vc_row via_grid cols_1 laptops-cols_inherit tablets-cols_inherit mobiles-cols_1 valign_top type_default stacking_default"><div class="wpb_column vc_column_container"><div class="vc_column-inner"><div class="g-cols wpb_row via_grid cols_1-3 laptops-cols_inherit tablets-cols_inherit mobiles-cols_1 valign_top type_default stacking_default" style="--columns-gap:3rem;"><div class="wpb_column vc_column_container"><div class="vc_column-inner"><div class="wpb_text_column"><div class="wpb_wrapper"><p><span style="color: #1c75bc;"><strong>Date de début :</strong></span><br />
01/07/2014</p>
<p><span style="color: #1c75bc;"><strong>Date de clôture :</strong></span><br />
30/06/2017</p>
<p><strong><span style="color: #1c75bc;">Site(s) de l&rsquo;étude :</span></strong><br />
Faculté de Médecine et de Pharmacie de Rabat</p>
<p><strong><span style="color: #1c75bc;">Financement :</span></strong><br />
FLSC</p>
<p><span style="color: #1c75bc;"><strong>Téléchargement</strong></span><br />
<a href="https://onetech.dev/irc/data/PROJECT-12.docx" target="_blank" rel="noopener noreferrer">Fichier</a></p>
</div></div></div></div><div class="wpb_column vc_column_container"><div class="vc_column-inner"><div class="wpb_text_column"><div class="wpb_wrapper"><p><strong>Registre National des Cancers de l’Enfant et de l’Adolescent (RNCEA)</strong></p>
<p style="text-align: justify;">Le cancer de l’enfant et de l’adolescent, bien que rare reste une maladie mortelle. Les données au Maroc sont également rares et fragmentaires et ne permettent pas de surveiller ces cancers et donc d’en assurer un contrôle optimal.</p>
<p style="text-align: justify;">Devant la rareté des cancers de l’enfant, la couverture nationale s’impose pour contribuer efficacement à la surveillance sanitaire. Ce projet a donc pour objectif principal de mettre en place un système de surveillance efficace et fiable des cancers de l’enfant et de l’adolescent et ce via un registre national des cancers de cette tranche d’âge.</p>
<p style="text-align: justify;">L’unité du registre national du cancer de l’enfant et de l’adolescent est située au sein du centre de recherche clinique au Centre Hospitalier universitaire Mohammed VI à Marrakech. Elle a pour mission de recenser et d’enregistrer tous les cas incidents de cancers dans la tranche d’âge de 0 à 19 ans au niveau du territoire national.</p>
<p style="text-align: justify;">Les données obtenues permettront de disposer de chiffres d’incidence brute et standardisées, d’étudier la répartition géographique et l’évolution temporelle des cas de cancers mais aussi, d’évaluer la survie des patients.</p>
<p style="text-align: justify;">Le registre national des cancers de l’enfant et de l’adolescent sera non seulement une source de données pour la surveillance sanitaire mais aussi un outil pour conduire un programme de recherche d’envergure et évaluer l’impact des actions et programmes de santé publique.</p>
<p><strong>Principal lnvestigator / program Director</strong></p>
<p>TAHA AZZEDDINE<br />
CHU Mohammed VI Marrakech</p>
<p>EL HOUDZI JAMILA<br />
CHU Med VI / Faculté de Médecine et de Pharmacie de Marrakech</p>
<p><strong>Collaborators</strong></p>
<p>AMINE Mohammed<br />
CHU Med VI / Faculté de Médecine et de Pharmacie de Marrakech</p>
<p>MAHMAL Lhoucine<br />
CHU Med VI / Faculté de Médecine et de Pharmacie de Marrakech</p>
<p>HARIF Mhmamed<br />
CHU Med VI / Faculté de Médecine et de Pharmacie de Marrakech</p>
</div></div></div></div></div></div></div></div></div></section>

Date de début : 01/07/2014 Date de clôture : 30/06/2017 Site(s) de l&rsquo;étude : Faculté de Médecine et de Pharmacie de Rabat Financement : FLSC Téléchargement Fichier Registre National des Cancers de l’Enfant et de l’Adolescent (RNCEA) Le cancer de l’enfant et de l’adolescent, bien que rare reste une maladie mortelle. Les données au Maroc...
