{"id":1189,"date":"2026-04-22T17:11:21","date_gmt":"2026-04-22T16:11:21","guid":{"rendered":"https:\/\/onetech.dev\/irc\/?page_id=1189"},"modified":"2026-04-22T17:11:34","modified_gmt":"2026-04-22T16:11:34","slug":"aap-2","status":"publish","type":"page","link":"https:\/\/onetech.dev\/irc\/recherche\/appels-a-projets\/aap-2013\/aap-2","title":{"rendered":"Oncologie P\u00e9diatrique Sans Douleur"},"content":{"rendered":"<section class=\"l-section wpb_row height_medium\"><div class=\"l-section-h i-cf\"><div class=\"g-cols vc_row via_grid cols_1 laptops-cols_inherit tablets-cols_inherit mobiles-cols_1 valign_top type_default stacking_default\"><div class=\"wpb_column vc_column_container\"><div class=\"vc_column-inner\"><div class=\"g-cols wpb_row via_grid cols_1-3 laptops-cols_inherit tablets-cols_inherit mobiles-cols_1 valign_top type_default stacking_default\" style=\"--columns-gap:3rem;\"><div class=\"wpb_column vc_column_container\"><div class=\"vc_column-inner\"><div class=\"wpb_text_column\"><div class=\"wpb_wrapper\"><p><span style=\"color: #1c75bc;\"><strong>Date de d\u00e9but :<\/strong><\/span><br \/>\n##\/##\/####<\/p>\n<p><span style=\"color: #1c75bc;\"><strong>Date de cl\u00f4ture :<\/strong><\/span><br \/>\n##\/##\/####<\/p>\n<p><strong><span style=\"color: #1c75bc;\">Site(s) de l\u2019\u00e9tude :<\/span><\/strong><br \/>\n######<\/p>\n<p><strong><span style=\"color: #1c75bc;\">Financement :<\/span><\/strong><br \/>\n######<\/p>\n<p><span style=\"color: #1c75bc;\"><strong>T\u00e9l\u00e9chargement<\/strong><\/span><br \/>\n<a href=\"https:\/\/onetech.dev\/irc\/data\/PROJECT-12.docx\" target=\"_blank\" rel=\"noopener noreferrer\">Fichier<\/a><\/p>\n<\/div><\/div><\/div><\/div><div class=\"wpb_column vc_column_container\"><div class=\"vc_column-inner\"><div class=\"wpb_text_column\"><div class=\"wpb_wrapper\"><p><strong>Oncologie P\u00e9diatrique Sans Douleur<\/strong><\/p>\n<p style=\"text-align: justify;\">Le projet a comme objectif principal d\u2019am\u00e9liorer la qualit\u00e9 de vie des soignants et des enfants atteints de cancer. Ce projet s\u2019inscrit dans la continuit\u00e9 du projet My Child Matters MCM (annexe 1) et comprend deux dimensions :<\/p>\n<p style=\"text-align: justify;\">1. Une dimension qui touche la qualit\u00e9 de vie du patient et des soignants via l\u2019am\u00e9lioration de la qualit\u00e9 de la prise en charge de la douleur au sein des unit\u00e9s d\u2019oncologie p\u00e9diatrique.<\/p>\n<p style=\"text-align: justify;\">2. Une dimension organisationnelle qui concerne la formalisation d\u2019un dispositif op\u00e9rationnel de la prise en charge de la douleur au niveau des 5 structures d\u2019H\u00e9matologie et d\u2019Oncologie P\u00e9diatrique au Maroc (Rabat, Casa, F\u00e8s, Marrakech) afin de clarifier les proc\u00e9dures et d\u00e9finir les r\u00f4les, les responsabilit\u00e9s, et les limites de chacun.<\/p>\n<p>Le projet comprend trois axes principaux :<\/p>\n<p style=\"text-align: justify;\">1. La r\u00e9alisation d\u2019un \u00e9tat des lieux de la prise en charge de la douleur par la r\u00e9alisation de deux enqu\u00eates (soignantes et patientes) et la r\u00e9alisation d\u2019un audit clinique des unit\u00e9s d\u2019oncologie p\u00e9diatriques concern\u00e9es.<\/p>\n<p style=\"text-align: justify;\">2. Formation et sensibilisation \u00e0 la prise en charge de la douleur et d\u2019information des soignants et des familles.<\/p>\n<p style=\"text-align: justify;\">3. La r\u00e9daction de proc\u00e9dures et de protocoles de la douleur avec formalisation de la tra\u00e7abilit\u00e9 de tous les actes en rapport avec la prise en charge de la douleur.<\/p>\n<p><strong>Principal lnvestigator \/ program Director<\/strong><\/p>\n<p>Leila HESSISSEN<br \/>\n###<\/p>\n<p><strong>Collaborators<br \/>\n<\/strong>###<\/p>\n<\/div><\/div><\/div><\/div><\/div><\/div><\/div><\/div><\/div><\/section>\n","protected":false},"excerpt":{"rendered":"Date de d\u00e9but : ##\/##\/#### Date de cl\u00f4ture : ##\/##\/#### Site(s) de l\u2019\u00e9tude : ###### Financement : ###### T\u00e9l\u00e9chargement Fichier Oncologie P\u00e9diatrique Sans Douleur Le projet a comme objectif principal d\u2019am\u00e9liorer la qualit\u00e9 de vie des soignants et des enfants atteints de cancer. Ce projet s\u2019inscrit dans la continuit\u00e9 du projet My Child Matters MCM...","protected":false},"author":1,"featured_media":0,"parent":1144,"menu_order":0,"comment_status":"closed","ping_status":"closed","template":"","meta":{"_acf_changed":false,"footnotes":""},"class_list":["post-1189","page","type-page","status-publish","hentry"],"acf":[],"lang":"fr","translations":{"fr":1189},"pll_sync_post":[],"_links":{"self":[{"href":"https:\/\/onetech.dev\/irc\/wp-json\/wp\/v2\/pages\/1189","targetHints":{"allow":["GET"]}}],"collection":[{"href":"https:\/\/onetech.dev\/irc\/wp-json\/wp\/v2\/pages"}],"about":[{"href":"https:\/\/onetech.dev\/irc\/wp-json\/wp\/v2\/types\/page"}],"author":[{"embeddable":true,"href":"https:\/\/onetech.dev\/irc\/wp-json\/wp\/v2\/users\/1"}],"replies":[{"embeddable":true,"href":"https:\/\/onetech.dev\/irc\/wp-json\/wp\/v2\/comments?post=1189"}],"version-history":[{"count":1,"href":"https:\/\/onetech.dev\/irc\/wp-json\/wp\/v2\/pages\/1189\/revisions"}],"predecessor-version":[{"id":1190,"href":"https:\/\/onetech.dev\/irc\/wp-json\/wp\/v2\/pages\/1189\/revisions\/1190"}],"up":[{"embeddable":true,"href":"https:\/\/onetech.dev\/irc\/wp-json\/wp\/v2\/pages\/1144"}],"wp:attachment":[{"href":"https:\/\/onetech.dev\/irc\/wp-json\/wp\/v2\/media?parent=1189"}],"curies":[{"name":"wp","href":"https:\/\/api.w.org\/{rel}","templated":true}]}}

Oncologie Pédiatrique Sans Douleur

<section class="l-section wpb_row height_medium"><div class="l-section-h i-cf"><div class="g-cols vc_row via_grid cols_1 laptops-cols_inherit tablets-cols_inherit mobiles-cols_1 valign_top type_default stacking_default"><div class="wpb_column vc_column_container"><div class="vc_column-inner"><div class="g-cols wpb_row via_grid cols_1-3 laptops-cols_inherit tablets-cols_inherit mobiles-cols_1 valign_top type_default stacking_default" style="--columns-gap:3rem;"><div class="wpb_column vc_column_container"><div class="vc_column-inner"><div class="wpb_text_column"><div class="wpb_wrapper"><p><span style="color: #1c75bc;"><strong>Date de début :</strong></span><br />
##/##/####</p>
<p><span style="color: #1c75bc;"><strong>Date de clôture :</strong></span><br />
##/##/####</p>
<p><strong><span style="color: #1c75bc;">Site(s) de l’étude :</span></strong><br />
######</p>
<p><strong><span style="color: #1c75bc;">Financement :</span></strong><br />
######</p>
<p><span style="color: #1c75bc;"><strong>Téléchargement</strong></span><br />
<a href="https://onetech.dev/irc/data/PROJECT-12.docx" target="_blank" rel="noopener noreferrer">Fichier</a></p>
</div></div></div></div><div class="wpb_column vc_column_container"><div class="vc_column-inner"><div class="wpb_text_column"><div class="wpb_wrapper"><p><strong>Oncologie Pédiatrique Sans Douleur</strong></p>
<p style="text-align: justify;">Le projet a comme objectif principal d’améliorer la qualité de vie des soignants et des enfants atteints de cancer. Ce projet s’inscrit dans la continuité du projet My Child Matters MCM (annexe 1) et comprend deux dimensions :</p>
<p style="text-align: justify;">1. Une dimension qui touche la qualité de vie du patient et des soignants via l’amélioration de la qualité de la prise en charge de la douleur au sein des unités d’oncologie pédiatrique.</p>
<p style="text-align: justify;">2. Une dimension organisationnelle qui concerne la formalisation d’un dispositif opérationnel de la prise en charge de la douleur au niveau des 5 structures d’Hématologie et d’Oncologie Pédiatrique au Maroc (Rabat, Casa, Fès, Marrakech) afin de clarifier les procédures et définir les rôles, les responsabilités, et les limites de chacun.</p>
<p>Le projet comprend trois axes principaux :</p>
<p style="text-align: justify;">1. La réalisation d’un état des lieux de la prise en charge de la douleur par la réalisation de deux enquêtes (soignantes et patientes) et la réalisation d’un audit clinique des unités d’oncologie pédiatriques concernées.</p>
<p style="text-align: justify;">2. Formation et sensibilisation à la prise en charge de la douleur et d’information des soignants et des familles.</p>
<p style="text-align: justify;">3. La rédaction de procédures et de protocoles de la douleur avec formalisation de la traçabilité de tous les actes en rapport avec la prise en charge de la douleur.</p>
<p><strong>Principal lnvestigator / program Director</strong></p>
<p>Leila HESSISSEN<br />
###</p>
<p><strong>Collaborators<br />
</strong>###</p>
</div></div></div></div></div></div></div></div></div></section>

Date de début : ##/##/#### Date de clôture : ##/##/#### Site(s) de l’étude : ###### Financement : ###### Téléchargement Fichier Oncologie Pédiatrique Sans Douleur Le projet a comme objectif principal d’améliorer la qualité de vie des soignants et des enfants atteints de cancer. Ce projet s’inscrit dans la continuité du projet My Child Matters MCM...
