{"id":1218,"date":"2026-04-22T17:27:48","date_gmt":"2026-04-22T16:27:48","guid":{"rendered":"https:\/\/onetech.dev\/irc\/?page_id=1218"},"modified":"2026-04-22T17:28:00","modified_gmt":"2026-04-22T16:28:00","slug":"aap-1","status":"publish","type":"page","link":"https:\/\/onetech.dev\/irc\/recherche\/appels-a-projets\/aap-2016\/aap-1","title":{"rendered":"les sarcomes des tissus mous de l\u2019adulte"},"content":{"rendered":"<section class=\"l-section wpb_row height_medium\"><div class=\"l-section-h i-cf\"><div class=\"g-cols vc_row via_grid cols_1 laptops-cols_inherit tablets-cols_inherit mobiles-cols_1 valign_top type_default stacking_default\"><div class=\"wpb_column vc_column_container\"><div class=\"vc_column-inner\"><div class=\"g-cols wpb_row via_grid cols_1-3 laptops-cols_inherit tablets-cols_inherit mobiles-cols_1 valign_top type_default stacking_default\" style=\"--columns-gap:3rem;\"><div class=\"wpb_column vc_column_container\"><div class=\"vc_column-inner\"><div class=\"wpb_text_column\"><div class=\"wpb_wrapper\"><p><span style=\"color: #1c75bc;\"><strong>Date de d\u00e9but :<\/strong><\/span><br \/>\n##\/##\/####<\/p>\n<p><span style=\"color: #1c75bc;\"><strong>Date de cl\u00f4ture :<\/strong><\/span><br \/>\n##\/##\/####<\/p>\n<p><strong><span style=\"color: #1c75bc;\">Site(s) de l\u2019\u00e9tude :<\/span><\/strong><br \/>\n######<\/p>\n<p><strong><span style=\"color: #1c75bc;\">Financement :<\/span><\/strong><br \/>\n######<\/p>\n<p><span style=\"color: #1c75bc;\"><strong>T\u00e9l\u00e9chargement<\/strong><\/span><br \/>\n<a href=\"https:\/\/onetech.dev\/irc\/data\/PROJECT-12.docx\" target=\"_blank\" rel=\"noopener noreferrer\">Fichier<\/a><\/p>\n<\/div><\/div><\/div><\/div><div class=\"wpb_column vc_column_container\"><div class=\"vc_column-inner\"><div class=\"wpb_text_column\"><div class=\"wpb_wrapper\"><p><strong>les sarcomes des tissus mous de l\u2019adulte : Marqueurs mol\u00e9culaires et facteurs pronostiques<\/strong><\/p>\n<p style=\"text-align: justify;\">Les sarcomes des tissus mous sont des tumeurs rares dont les classifications morphologique et ph\u00e9notypique sont peu reproductibles. Les diff\u00e9rents progr\u00e8s r\u00e9alis\u00e9s ces derni\u00e8res ann\u00e9es dans la compr\u00e9hension des m\u00e9canismes mol\u00e9culaires impliqu\u00e9s dans la gen\u00e8se de ce type de tumeur ont permis de les classer en 5 cat\u00e9gories : sarcomes avec translocations r\u00e9ciproques, sarcomes avec amplification g\u00e9nique, sarcomes avec mutations inhibitrices, sarcomes avec mutations activatrices et sarcomes \u00e0 g\u00e9nomique complexe.<\/p>\n<p style=\"text-align: justify;\">L\u2019identification de ces anomalies mol\u00e9culaires s\u2019av\u00e8re importante aussi bien pour le diagnostic, le pronostic que pour l\u2019\u00e9valuation de la r\u00e9ponse aux traitements.<\/p>\n<p style=\"text-align: justify;\">L\u2019objectif principal de notre projet est d\u2019\u00e9tablir une classification mol\u00e9culaire des sarcomes des parties molles de l\u2019adulte. Des corr\u00e9lations seront r\u00e9alis\u00e9es entre les anomalies mol\u00e9culaires retrouv\u00e9es et les diff\u00e9rents facteurs pronostiques.<\/p>\n<p style=\"text-align: justify;\">Le cancer colorectal est le troisi\u00e8me cancer le plus fr\u00e9quent au Maroc selon les donn\u00e9es des deux registres r\u00e9gionaux marocains avec une incidence qui est en augmentation. Par ailleurs la prise en charge s\u2019est nettement am\u00e9lior\u00e9e ces derni\u00e8res ann\u00e9es dans notre contexte gr\u00e2ce \u00e0 la disponibilit\u00e9 des traitements syst\u00e9miques, la mise \u00e0 niveau des structures de canc\u00e9rologie digestive et l\u2019institutionnalisation de la r\u00e9union de concertation pluridisciplinaire. Cette pathologie pr\u00e9sente plusieurs particularit\u00e9s, notamment, un r\u00f4le pr\u00e9pond\u00e9rant des facteurs biomol\u00e9culaires pour les d\u00e9cisions th\u00e9rapeutiques et les choix de protocoles, et enfin une possibilit\u00e9 de gu\u00e9rir certains patients pr\u00e9sentant un cancer colorectal m\u00e9tastatique gr\u00e2ce \u00e0 une strat\u00e9gie th\u00e9rapeutique ad\u00e9quate, associant traitements syst\u00e9miques et chirurgie des m\u00e9tastases. Nous proposons une \u00e9tude prospective de type Database bicentrique. Cette \u00e9tude devrait durer trois ans dont une ann\u00e9e d\u00e9di\u00e9e aux inclusions. L\u2019objectif principal de l\u2019\u00e9tude est l\u2019\u00e9valuation de la qualit\u00e9 de la prise en charge en condition r\u00e9elle gr\u00e2ce \u00e0 la cr\u00e9ation d\u2019une data base clinique et mol\u00e9culaire de cette pathologie.<\/p>\n<p><strong>Principal lnvestigator \/ program Director<\/strong><\/p>\n<p>Laila CHBANI<br \/>\n###<\/p>\n<p><strong>Collaborators<br \/>\n<\/strong>###<\/p>\n<\/div><\/div><\/div><\/div><\/div><\/div><\/div><\/div><\/div><\/section>\n","protected":false},"excerpt":{"rendered":"Date de d\u00e9but : ##\/##\/#### Date de cl\u00f4ture : ##\/##\/#### Site(s) de l\u2019\u00e9tude : ###### Financement : ###### T\u00e9l\u00e9chargement Fichier les sarcomes des tissus mous de l\u2019adulte : Marqueurs mol\u00e9culaires et facteurs pronostiques Les sarcomes des tissus mous sont des tumeurs rares dont les classifications morphologique et ph\u00e9notypique sont peu reproductibles. Les diff\u00e9rents progr\u00e8s r\u00e9alis\u00e9s...","protected":false},"author":1,"featured_media":0,"parent":1154,"menu_order":0,"comment_status":"closed","ping_status":"closed","template":"","meta":{"_acf_changed":false,"footnotes":""},"class_list":["post-1218","page","type-page","status-publish","hentry"],"acf":[],"lang":"fr","translations":{"fr":1218},"pll_sync_post":[],"_links":{"self":[{"href":"https:\/\/onetech.dev\/irc\/wp-json\/wp\/v2\/pages\/1218","targetHints":{"allow":["GET"]}}],"collection":[{"href":"https:\/\/onetech.dev\/irc\/wp-json\/wp\/v2\/pages"}],"about":[{"href":"https:\/\/onetech.dev\/irc\/wp-json\/wp\/v2\/types\/page"}],"author":[{"embeddable":true,"href":"https:\/\/onetech.dev\/irc\/wp-json\/wp\/v2\/users\/1"}],"replies":[{"embeddable":true,"href":"https:\/\/onetech.dev\/irc\/wp-json\/wp\/v2\/comments?post=1218"}],"version-history":[{"count":2,"href":"https:\/\/onetech.dev\/irc\/wp-json\/wp\/v2\/pages\/1218\/revisions"}],"predecessor-version":[{"id":1220,"href":"https:\/\/onetech.dev\/irc\/wp-json\/wp\/v2\/pages\/1218\/revisions\/1220"}],"up":[{"embeddable":true,"href":"https:\/\/onetech.dev\/irc\/wp-json\/wp\/v2\/pages\/1154"}],"wp:attachment":[{"href":"https:\/\/onetech.dev\/irc\/wp-json\/wp\/v2\/media?parent=1218"}],"curies":[{"name":"wp","href":"https:\/\/api.w.org\/{rel}","templated":true}]}}

<section class="l-section wpb_row height_medium"><div class="l-section-h i-cf"><div class="g-cols vc_row via_grid cols_1 laptops-cols_inherit tablets-cols_inherit mobiles-cols_1 valign_top type_default stacking_default"><div class="wpb_column vc_column_container"><div class="vc_column-inner"><div class="g-cols wpb_row via_grid cols_1-3 laptops-cols_inherit tablets-cols_inherit mobiles-cols_1 valign_top type_default stacking_default" style="--columns-gap:3rem;"><div class="wpb_column vc_column_container"><div class="vc_column-inner"><div class="wpb_text_column"><div class="wpb_wrapper"><p><span style="color: #1c75bc;"><strong>Date de début :</strong></span><br />
##/##/####</p>
<p><span style="color: #1c75bc;"><strong>Date de clôture :</strong></span><br />
##/##/####</p>
<p><strong><span style="color: #1c75bc;">Site(s) de l’étude :</span></strong><br />
######</p>
<p><strong><span style="color: #1c75bc;">Financement :</span></strong><br />
######</p>
<p><span style="color: #1c75bc;"><strong>Téléchargement</strong></span><br />
<a href="https://onetech.dev/irc/data/PROJECT-12.docx" target="_blank" rel="noopener noreferrer">Fichier</a></p>
</div></div></div></div><div class="wpb_column vc_column_container"><div class="vc_column-inner"><div class="wpb_text_column"><div class="wpb_wrapper"><p><strong>les sarcomes des tissus mous de l’adulte : Marqueurs moléculaires et facteurs pronostiques</strong></p>
<p style="text-align: justify;">Les sarcomes des tissus mous sont des tumeurs rares dont les classifications morphologique et phénotypique sont peu reproductibles. Les différents progrès réalisés ces dernières années dans la compréhension des mécanismes moléculaires impliqués dans la genèse de ce type de tumeur ont permis de les classer en 5 catégories : sarcomes avec translocations réciproques, sarcomes avec amplification génique, sarcomes avec mutations inhibitrices, sarcomes avec mutations activatrices et sarcomes à génomique complexe.</p>
<p style="text-align: justify;">L’identification de ces anomalies moléculaires s’avère importante aussi bien pour le diagnostic, le pronostic que pour l’évaluation de la réponse aux traitements.</p>
<p style="text-align: justify;">L’objectif principal de notre projet est d’établir une classification moléculaire des sarcomes des parties molles de l’adulte. Des corrélations seront réalisées entre les anomalies moléculaires retrouvées et les différents facteurs pronostiques.</p>
<p style="text-align: justify;">Le cancer colorectal est le troisième cancer le plus fréquent au Maroc selon les données des deux registres régionaux marocains avec une incidence qui est en augmentation. Par ailleurs la prise en charge s’est nettement améliorée ces dernières années dans notre contexte grâce à la disponibilité des traitements systémiques, la mise à niveau des structures de cancérologie digestive et l’institutionnalisation de la réunion de concertation pluridisciplinaire. Cette pathologie présente plusieurs particularités, notamment, un rôle prépondérant des facteurs biomoléculaires pour les décisions thérapeutiques et les choix de protocoles, et enfin une possibilité de guérir certains patients présentant un cancer colorectal métastatique grâce à une stratégie thérapeutique adéquate, associant traitements systémiques et chirurgie des métastases. Nous proposons une étude prospective de type Database bicentrique. Cette étude devrait durer trois ans dont une année dédiée aux inclusions. L’objectif principal de l’étude est l’évaluation de la qualité de la prise en charge en condition réelle grâce à la création d’une data base clinique et moléculaire de cette pathologie.</p>
<p><strong>Principal lnvestigator / program Director</strong></p>
<p>Laila CHBANI<br />
###</p>
<p><strong>Collaborators<br />
</strong>###</p>
</div></div></div></div></div></div></div></div></div></section>

Date de début : ##/##/#### Date de clôture : ##/##/#### Site(s) de l’étude : ###### Financement : ###### Téléchargement Fichier les sarcomes des tissus mous de l’adulte : Marqueurs moléculaires et facteurs pronostiques Les sarcomes des tissus mous sont des tumeurs rares dont les classifications morphologique et phénotypique sont peu reproductibles. Les différents progrès réalisés...
