{"id":233,"date":"2026-03-03T15:10:48","date_gmt":"2026-03-03T15:10:48","guid":{"rendered":"https:\/\/onetech.dev\/irc\/?page_id=233"},"modified":"2026-03-03T15:10:48","modified_gmt":"2026-03-03T15:10:48","slug":"cero","status":"publish","type":"page","link":"https:\/\/onetech.dev\/irc\/cero","title":{"rendered":"Comit\u00e9 d\u2019\u00c9thique"},"content":{"rendered":"<section class=\"l-section wpb_row height_auto\"><div class=\"l-section-h i-cf\"><div class=\"g-cols vc_row via_grid cols_1 laptops-cols_inherit tablets-cols_inherit mobiles-cols_1 valign_top type_default stacking_default\"><div class=\"wpb_column vc_column_container\"><div class=\"vc_column-inner\"><div class=\"ult-spacer spacer-69f3fdd7d20d3\" data-id=\"69f3fdd7d20d3\" data-height=\"25\" data-height-mobile=\"25\" data-height-tab=\"25\" data-height-tab-portrait=\"\" data-height-mobile-landscape=\"\" style=\"clear:both;display:block;\"><\/div><div id=\"uvc-type-wrap-6650\"  data-ultimate-target='#uvc-type-wrap-6650'  data-responsive-json-new='{\"font-size\":\"desktop:26px;\",\"line-height\":\"\"}'  class=\"uvc-type-wrap  ult-adjust-bottom-margin ult-responsive  uvc-type-align-center  uvc-wrap-147331157869f3fdd7d20fd\" style=\"text-align:center;\"><span  data-ultimate-target='#uvc-type-wrap-6650 .mycustfancy'  data-responsive-json-new='{\"font-size\":\"desktop:26px;\",\"line-height\":\"\"}'  class=\"ultimate-typewriter-prefix mycustfancy ult-responsive\" style=\"font-weight:bold;color:#1B76BC; text-transform: unset;\">Comit\u00e9 d\u2019\u00c9thique pour la<\/span><span id=\"typed-147331157869f3fdd7d20fd\" class=\"ultimate-typed-main fancytext-typewriter-background-enabled\" style=\"color:#1B76BC;background:#00000000; font-weight:bold; text-transform: unset;\"><\/span><script type=\"text\/javascript\">\n\t\t\t\t\t\tjQuery(function($){ \n\t\t\t\t\t\t\t$(document).ready(function(){\n\t\t\t\t\t\t\t\tif( typeof jQuery(\"#typed-147331157869f3fdd7d20fd\").typed == \"function\"){\n\t\t\t\t\t\t\t\t\t$(\"#typed-147331157869f3fdd7d20fd\").typed({\n\t\t\t\t\t\t\t\t\t\tstrings: [\"Recherche en Oncologie CERO\"],\n\t\t\t\t\t\t\t\t\t\ttypeSpeed: 35,\n\t\t\t\t\t\t\t\t\t\tbackSpeed: 0,\n\t\t\t\t\t\t\t\t\t\tstartDelay: \"200\",\n\t\t\t\t\t\t\t\t\t\tbackDelay: \"1500\",\n\t\t\t\t\t\t\t\t\t\tloop: true,\n\t\t\t\t\t\t\t\t\t\tloopCount: false,\n\t\t\t\t\t\t\t\t\t\tshowCursor: true,\n\t\t\t\t\t\t\t\t\t\tcursorChar: \"|\",\n\t\t\t\t\t\t\t\t\t\tattr: null\n\t\t\t\t\t\t\t\t\t});\n\t\t\t\t\t\t\t\t}\n\t\t\t\t\t\t\t});\n\t\t\t\t\t\t});\n\t\t\t\t\t<\/script><\/div><div class=\"ult-spacer spacer-69f3fdd7d2383\" data-id=\"69f3fdd7d2383\" data-height=\"10\" data-height-mobile=\"10\" data-height-tab=\"10\" data-height-tab-portrait=\"\" data-height-mobile-landscape=\"\" style=\"clear:both;display:block;\"><\/div><\/div><\/div><\/div><\/div><\/section><section class=\"l-section wpb_row height_auto width_custom\" style=\"--site-content-width:1200px;\"><div class=\"l-section-h i-cf\"><div class=\"g-cols vc_row via_grid cols_1-3 laptops-cols_inherit tablets-cols_inherit mobiles-cols_1 valign_top type_default stacking_default\"><div class=\"wpb_column vc_column_container type_sticky\"><div class=\"vc_column-inner\" style=\"top:180px\"><nav class=\"w-menu us_custom_a61e304f layout_ver style_blocks us_menu_1\" style=\"--main-gap:0rem;--main-ver-indent:0.8em;--main-hor-indent:0.8em;--main-color:var(--color-header-middle-bg);--main-hover-color:#f7941f;--main-active-color:#f7941f;\"><ul id=\"menu-cero\" class=\"menu\"><li id=\"menu-item-196\" class=\"menu-item menu-item-type-post_type menu-item-object-page menu-item-196\"><a href=\"https:\/\/onetech.dev\/irc\/cero\/a-propos-du-cero\">\u00c0 propos du CERO<\/a><\/li><li id=\"menu-item-203\" class=\"menu-item menu-item-type-post_type menu-item-object-page menu-item-203\"><a href=\"https:\/\/onetech.dev\/irc\/cero\/les-membres-du-cero\">Les membres du CERO<\/a><\/li><li id=\"menu-item-198\" class=\"menu-item menu-item-type-custom menu-item-object-custom menu-item-198\"><a target=\"_blank\" href=\"https:\/\/app.cero.ma\/login\">Lien vers la plateforme<\/a><\/li><\/ul><style>@media ( max-width:600px ){.us_menu_1 .menu{display:block!important}.us_menu_1 .menu>li{margin:0 0 var(--main-gap,0rem)!important}}<\/style><\/nav><div class=\"ult-spacer spacer-69f3fdd7d380d\" data-id=\"69f3fdd7d380d\" data-height=\"10\" data-height-mobile=\"10\" data-height-tab=\"10\" data-height-tab-portrait=\"\" data-height-mobile-landscape=\"\" style=\"clear:both;display:block;\"><\/div><\/div><\/div><div class=\"wpb_column vc_column_container\"><div class=\"vc_column-inner\"><div class=\"w-text us_custom_11277739 has_text_color\"><span class=\"w-text-h\"><span class=\"w-text-value\">\u00c0 propos du CERO<\/span><\/span><\/div><div class=\"ult-spacer spacer-69f3fdd7d3acf\" data-id=\"69f3fdd7d3acf\" data-height=\"10\" data-height-mobile=\"10\" data-height-tab=\"10\" data-height-tab-portrait=\"\" data-height-mobile-landscape=\"\" style=\"clear:both;display:block;\"><\/div><div class=\"wpb_text_column\"><div class=\"wpb_wrapper\"><p style=\"text-align: justify;\">Le <strong>Comit\u00e9 d\u2019\u00c9thique pour la Recherche en Oncologie (CERO)<\/strong> est un organe coll\u00e9gial ind\u00e9pendant, cr\u00e9\u00e9 par <strong>l\u2019Institut de Recherche sur le Cancer (IRC)<\/strong>.<br \/>\nIl \u00e9value les projets de recherche en oncologie impliquant des \u00eatres humains, conform\u00e9ment \u00e0 la <strong>loi nationale 28-13<\/strong> et aux standards internationaux.<\/p>\n<\/div><\/div><div class=\"ult-spacer spacer-69f3fdd7d3d68\" data-id=\"69f3fdd7d3d68\" data-height=\"25\" data-height-mobile=\"25\" data-height-tab=\"25\" data-height-tab-portrait=\"\" data-height-mobile-landscape=\"\" style=\"clear:both;display:block;\"><\/div><div class=\"w-text us_custom_11277739 has_text_color\"><span class=\"w-text-h\"><span class=\"w-text-value\">Cr\u00e9ation<\/span><\/span><\/div><div class=\"ult-spacer spacer-69f3fdd7d3e5e\" data-id=\"69f3fdd7d3e5e\" data-height=\"10\" data-height-mobile=\"10\" data-height-tab=\"10\" data-height-tab-portrait=\"\" data-height-mobile-landscape=\"\" style=\"clear:both;display:block;\"><\/div><div class=\"wpb_text_column\"><div class=\"wpb_wrapper\"><ul>\n<li><strong>Date de lancement<\/strong> : 25 juin 2025<\/li>\n<li><strong>Lieu<\/strong> : Institut de Recherche sur le Cancer (IRC)<\/li>\n<li><strong>Cadre<\/strong> : r\u00e9glementaire marocain et international<\/li>\n<\/ul>\n<\/div><\/div><div class=\"ult-spacer spacer-69f3fdd7d3fcd\" data-id=\"69f3fdd7d3fcd\" data-height=\"25\" data-height-mobile=\"25\" data-height-tab=\"25\" data-height-tab-portrait=\"\" data-height-mobile-landscape=\"\" style=\"clear:both;display:block;\"><\/div><div class=\"w-text us_custom_11277739 has_text_color\"><span class=\"w-text-h\"><span class=\"w-text-value\">Mission du CERO<\/span><\/span><\/div><div class=\"ult-spacer spacer-69f3fdd7d40ac\" data-id=\"69f3fdd7d40ac\" data-height=\"10\" data-height-mobile=\"10\" data-height-tab=\"10\" data-height-tab-portrait=\"\" data-height-mobile-landscape=\"\" style=\"clear:both;display:block;\"><\/div><div class=\"wpb_text_column\"><div class=\"wpb_wrapper\"><ul>\n<li style=\"text-align: justify;\">\u00c9valuer tout projet de recherche en oncologie selon les normes \u00e9thiques<\/li>\n<li style=\"text-align: justify;\">Garantir le respect des droits et de la dignit\u00e9 des patients<\/li>\n<li style=\"text-align: justify;\">Accompagner le d\u00e9veloppement d\u2019une recherche innovante et responsable<\/li>\n<\/ul>\n<\/div><\/div><div class=\"ult-spacer spacer-69f3fdd7d41e5\" data-id=\"69f3fdd7d41e5\" data-height=\"25\" data-height-mobile=\"25\" data-height-tab=\"25\" data-height-tab-portrait=\"\" data-height-mobile-landscape=\"\" style=\"clear:both;display:block;\"><\/div><div class=\"w-text us_custom_11277739 has_text_color\"><span class=\"w-text-h\"><span class=\"w-text-value\">Domaines d\u2019intervention<\/span><\/span><\/div><div class=\"ult-spacer spacer-69f3fdd7d42bb\" data-id=\"69f3fdd7d42bb\" data-height=\"10\" data-height-mobile=\"10\" data-height-tab=\"10\" data-height-tab-portrait=\"\" data-height-mobile-landscape=\"\" style=\"clear:both;display:block;\"><\/div><div class=\"wpb_text_column\"><div class=\"wpb_wrapper\"><ul>\n<li>\u00c9pid\u00e9miologie &amp; Sant\u00e9 Publique<\/li>\n<li>Recherche Clinique &amp; Essais Cliniques<\/li>\n<li>Sciences Humaines, Sociales &amp; \u00c9conomie de Sant\u00e9<\/li>\n<li>Bio-pathologie &amp; Recherche Biom\u00e9dicale<\/li>\n<li>Nouvelles Technologies &amp; Innovation<\/li>\n<\/ul>\n<\/div><\/div><div class=\"ult-spacer spacer-69f3fdd7d440d\" data-id=\"69f3fdd7d440d\" data-height=\"25\" data-height-mobile=\"25\" data-height-tab=\"25\" data-height-tab-portrait=\"\" data-height-mobile-landscape=\"\" style=\"clear:both;display:block;\"><\/div><div class=\"w-text us_custom_11277739 has_text_color\"><span class=\"w-text-h\"><span class=\"w-text-value\">Pourquoi le CERO ?<\/span><\/span><\/div><div class=\"ult-spacer spacer-69f3fdd7d44eb\" data-id=\"69f3fdd7d44eb\" data-height=\"10\" data-height-mobile=\"10\" data-height-tab=\"10\" data-height-tab-portrait=\"\" data-height-mobile-landscape=\"\" style=\"clear:both;display:block;\"><\/div><div class=\"wpb_text_column\"><div class=\"wpb_wrapper\"><ul>\n<li style=\"text-align: justify;\"><strong>Rapidit\u00e9<\/strong> : Avis rendu sous 30 jours (hors mois d\u2019ao\u00fbt).<\/li>\n<li style=\"text-align: justify;\"><strong>Conformit\u00e9<\/strong> : Normes internationales (D\u00e9claration d\u2019Helsinki, BPC, ICH) + r\u00e9glementation marocaine.<\/li>\n<li style=\"text-align: justify;\"><strong>Accompagnement<\/strong> : Aide aux chercheurs pour am\u00e9liorer leurs protocoles.<\/li>\n<li style=\"text-align: justify;\"><strong>Confiance<\/strong> : Cadre \u00e9thique reconnu pour les promoteurs nationaux et internationaux.<\/li>\n<\/ul>\n<\/div><\/div><div class=\"ult-spacer spacer-69f3fdd7d465e\" data-id=\"69f3fdd7d465e\" data-height=\"25\" data-height-mobile=\"25\" data-height-tab=\"25\" data-height-tab-portrait=\"\" data-height-mobile-landscape=\"\" style=\"clear:both;display:block;\"><\/div><div class=\"w-text us_custom_11277739 has_text_color\"><span class=\"w-text-h\"><span class=\"w-text-value\">Focus sur l\u2019Oncologie<\/span><\/span><\/div><div class=\"ult-spacer spacer-69f3fdd7d4735\" data-id=\"69f3fdd7d4735\" data-height=\"10\" data-height-mobile=\"10\" data-height-tab=\"10\" data-height-tab-portrait=\"\" data-height-mobile-landscape=\"\" style=\"clear:both;display:block;\"><\/div><div class=\"wpb_text_column\"><div class=\"wpb_wrapper\"><ul>\n<li style=\"text-align: justify;\"><strong>Urgence sanitaire<\/strong> : Le cancer, cause majeure de mortalit\u00e9.<\/li>\n<li style=\"text-align: justify;\"><strong>Innovations th\u00e9rapeutiques<\/strong> : CAR-T, immunoth\u00e9rapies\u2026 n\u00e9cessitent une \u00e9valuation rigoureuse.<\/li>\n<li style=\"text-align: justify;\"><strong>Enjeux \u00e9thiques<\/strong> : Protection renforc\u00e9e des populations vuln\u00e9rables (enfants, patients avanc\u00e9s).<\/li>\n<\/ul>\n<\/div><\/div><div class=\"ult-spacer spacer-69f3fdd7d4890\" data-id=\"69f3fdd7d4890\" data-height=\"25\" data-height-mobile=\"25\" data-height-tab=\"25\" data-height-tab-portrait=\"\" data-height-mobile-landscape=\"\" style=\"clear:both;display:block;\"><\/div><div class=\"w-text us_custom_11277739 has_text_color\"><span class=\"w-text-h\"><span class=\"w-text-value\">Soumission des projets<\/span><\/span><\/div><div class=\"ult-spacer spacer-69f3fdd7d4965\" data-id=\"69f3fdd7d4965\" data-height=\"10\" data-height-mobile=\"10\" data-height-tab=\"10\" data-height-tab-portrait=\"\" data-height-mobile-landscape=\"\" style=\"clear:both;display:block;\"><\/div><div class=\"wpb_text_column\"><div class=\"wpb_wrapper\"><p><strong>Documents requis :<\/strong><\/p>\n<ol>\n<li style=\"text-align: justify;\">Protocole complet.<\/li>\n<li style=\"text-align: justify;\">CV de l\u2019investigateur principal et CV des co-investigateurs.<\/li>\n<li style=\"text-align: justify;\">Documents patients (consentement bilingue arabe\/fran\u00e7ais).<\/li>\n<li style=\"text-align: justify;\">Pr\u00e9sentation PowerPoint.<\/li>\n<li style=\"text-align: justify;\">Pour les essais cliniques : assurances + preuve de paiement.<\/li>\n<\/ol>\n<\/div><\/div><div class=\"ult-spacer spacer-69f3fdd7d4ac3\" data-id=\"69f3fdd7d4ac3\" data-height=\"10\" data-height-mobile=\"10\" data-height-tab=\"10\" data-height-tab-portrait=\"\" data-height-mobile-landscape=\"\" style=\"clear:both;display:block;\"><\/div><div class=\"w-btn-wrapper align_none\"><a class=\"w-btn us-btn-style_1 icon_atleft\" target=\"_blank\" href=\"https:\/\/app.cero.ma\/login\"><i class=\"far fa-user-plus\"><\/i><span class=\"w-btn-label\">Soumission<\/span><\/a><\/div><div class=\"ult-spacer spacer-69f3fdd7d4c1b\" data-id=\"69f3fdd7d4c1b\" data-height=\"25\" data-height-mobile=\"25\" data-height-tab=\"25\" data-height-tab-portrait=\"\" data-height-mobile-landscape=\"\" style=\"clear:both;display:block;\"><\/div><div class=\"w-text us_custom_11277739 has_text_color\"><span class=\"w-text-h\"><span class=\"w-text-value\">R\u00e8glement int\u00e9rieur<\/span><\/span><\/div><div class=\"ult-spacer spacer-69f3fdd7d4ceb\" data-id=\"69f3fdd7d4ceb\" data-height=\"10\" data-height-mobile=\"10\" data-height-tab=\"10\" data-height-tab-portrait=\"\" data-height-mobile-landscape=\"\" style=\"clear:both;display:block;\"><\/div><div class=\"w-btn-wrapper align_none\"><a class=\"w-btn us-btn-style_1 icon_atleft\" target=\"_blank\" href=\"http:\/\/localhost\/irc\/data\/REGLEMENT-INTERIEUR-CERO.pdf\"><i class=\"far fa-download\"><\/i><span class=\"w-btn-label\">T\u00e9l\u00e9charger<\/span><\/a><\/div><div class=\"ult-spacer spacer-69f3fdd7d4dcf\" data-id=\"69f3fdd7d4dcf\" data-height=\"25\" data-height-mobile=\"25\" data-height-tab=\"25\" data-height-tab-portrait=\"\" data-height-mobile-landscape=\"\" style=\"clear:both;display:block;\"><\/div><div class=\"w-text us_custom_11277739 has_text_color\"><span class=\"w-text-h\"><span class=\"w-text-value\">R\u00e8glement int\u00e9rieur<\/span><\/span><\/div><div class=\"ult-spacer spacer-69f3fdd7d4e8b\" data-id=\"69f3fdd7d4e8b\" data-height=\"10\" data-height-mobile=\"10\" data-height-tab=\"10\" data-height-tab-portrait=\"\" data-height-mobile-landscape=\"\" style=\"clear:both;display:block;\"><\/div><div class=\"wpb_text_column\"><div class=\"wpb_wrapper\"><ul>\n<li><strong>Email<\/strong> : cero@irc.ma<\/li>\n<li><strong>T\u00e9l\u00e9phone<\/strong> : +212 662 63 99 27<\/li>\n<li style=\"text-align: justify;\"><strong>Adresse<\/strong> : Institut de Recherche sur le Cancer, route sidi Harazem, Rue du Pars Shore F\u00e8s, Maroc.<\/li>\n<\/ul>\n<\/div><\/div><div class=\"ult-spacer spacer-69f3fdd7d4fed\" data-id=\"69f3fdd7d4fed\" data-height=\"25\" data-height-mobile=\"25\" data-height-tab=\"25\" data-height-tab-portrait=\"\" data-height-mobile-landscape=\"\" style=\"clear:both;display:block;\"><\/div><\/div><\/div><\/div><\/div><\/section>\n","protected":false},"excerpt":{"rendered":"Comit\u00e9 d\u2019\u00c9thique pour la\u00c0 propos du CEROLes membres du CEROLien vers la plateforme\u00c0 propos du CEROLe Comit\u00e9 d\u2019\u00c9thique pour la Recherche en Oncologie (CERO) est un organe coll\u00e9gial ind\u00e9pendant, cr\u00e9\u00e9 par l\u2019Institut de Recherche sur le Cancer (IRC). Il \u00e9value les projets de recherche en oncologie impliquant des \u00eatres humains, conform\u00e9ment \u00e0 la loi nationale...","protected":false},"author":1,"featured_media":0,"parent":0,"menu_order":0,"comment_status":"closed","ping_status":"closed","template":"","meta":{"_acf_changed":false,"footnotes":""},"class_list":["post-233","page","type-page","status-publish","hentry"],"acf":[],"lang":"fr","translations":{"fr":233},"pll_sync_post":[],"_links":{"self":[{"href":"https:\/\/onetech.dev\/irc\/wp-json\/wp\/v2\/pages\/233","targetHints":{"allow":["GET"]}}],"collection":[{"href":"https:\/\/onetech.dev\/irc\/wp-json\/wp\/v2\/pages"}],"about":[{"href":"https:\/\/onetech.dev\/irc\/wp-json\/wp\/v2\/types\/page"}],"author":[{"embeddable":true,"href":"https:\/\/onetech.dev\/irc\/wp-json\/wp\/v2\/users\/1"}],"replies":[{"embeddable":true,"href":"https:\/\/onetech.dev\/irc\/wp-json\/wp\/v2\/comments?post=233"}],"version-history":[{"count":1,"href":"https:\/\/onetech.dev\/irc\/wp-json\/wp\/v2\/pages\/233\/revisions"}],"predecessor-version":[{"id":234,"href":"https:\/\/onetech.dev\/irc\/wp-json\/wp\/v2\/pages\/233\/revisions\/234"}],"wp:attachment":[{"href":"https:\/\/onetech.dev\/irc\/wp-json\/wp\/v2\/media?parent=233"}],"curies":[{"name":"wp","href":"https:\/\/api.w.org\/{rel}","templated":true}]}}