{"id":399,"date":"2026-03-09T13:22:51","date_gmt":"2026-03-09T13:22:51","guid":{"rendered":"https:\/\/onetech.dev\/irc\/?page_id=399"},"modified":"2026-03-09T16:35:59","modified_gmt":"2026-03-09T16:35:59","slug":"webinaire","status":"publish","type":"page","link":"https:\/\/onetech.dev\/irc\/cours-formations\/webinaire","title":{"rendered":"Webinaire"},"content":{"rendered":"<section class=\"l-section wpb_row height_auto\"><div class=\"l-section-h i-cf\"><div class=\"g-cols vc_row via_grid cols_1 laptops-cols_inherit tablets-cols_inherit mobiles-cols_1 valign_top type_default stacking_default\"><div class=\"wpb_column vc_column_container\"><div class=\"vc_column-inner\"><div class=\"ult-spacer spacer-69f402c392b2c\" data-id=\"69f402c392b2c\" data-height=\"25\" data-height-mobile=\"25\" data-height-tab=\"25\" data-height-tab-portrait=\"\" data-height-mobile-landscape=\"\" style=\"clear:both;display:block;\"><\/div><div id=\"uvc-type-wrap-9133\"  data-ultimate-target='#uvc-type-wrap-9133'  data-responsive-json-new='{\"font-size\":\"desktop:26px;\",\"line-height\":\"\"}'  class=\"uvc-type-wrap  ult-adjust-bottom-margin ult-responsive  uvc-type-align-center  uvc-wrap-74868480769f402c392b59\" style=\"text-align:center;\"><span  data-ultimate-target='#uvc-type-wrap-9133 .mycustfancy'  data-responsive-json-new='{\"font-size\":\"desktop:26px;\",\"line-height\":\"\"}'  class=\"ultimate-typewriter-prefix mycustfancy ult-responsive\" style=\"font-weight:bold;color:#1B76BC; text-transform: unset;\">Cours &amp;<\/span><span id=\"typed-74868480769f402c392b59\" class=\"ultimate-typed-main fancytext-typewriter-background-enabled\" style=\"color:#1B76BC;background:#00000000; font-weight:bold; text-transform: unset;\"><\/span><script type=\"text\/javascript\">\n\t\t\t\t\t\tjQuery(function($){ \n\t\t\t\t\t\t\t$(document).ready(function(){\n\t\t\t\t\t\t\t\tif( typeof jQuery(\"#typed-74868480769f402c392b59\").typed == \"function\"){\n\t\t\t\t\t\t\t\t\t$(\"#typed-74868480769f402c392b59\").typed({\n\t\t\t\t\t\t\t\t\t\tstrings: [\"Formations\"],\n\t\t\t\t\t\t\t\t\t\ttypeSpeed: 35,\n\t\t\t\t\t\t\t\t\t\tbackSpeed: 0,\n\t\t\t\t\t\t\t\t\t\tstartDelay: \"200\",\n\t\t\t\t\t\t\t\t\t\tbackDelay: \"1500\",\n\t\t\t\t\t\t\t\t\t\tloop: true,\n\t\t\t\t\t\t\t\t\t\tloopCount: false,\n\t\t\t\t\t\t\t\t\t\tshowCursor: true,\n\t\t\t\t\t\t\t\t\t\tcursorChar: \"|\",\n\t\t\t\t\t\t\t\t\t\tattr: null\n\t\t\t\t\t\t\t\t\t});\n\t\t\t\t\t\t\t\t}\n\t\t\t\t\t\t\t});\n\t\t\t\t\t\t});\n\t\t\t\t\t<\/script><\/div><div class=\"ult-spacer spacer-69f402c392f13\" data-id=\"69f402c392f13\" data-height=\"10\" data-height-mobile=\"10\" data-height-tab=\"10\" data-height-tab-portrait=\"\" data-height-mobile-landscape=\"\" style=\"clear:both;display:block;\"><\/div><\/div><\/div><\/div><\/div><\/section><section class=\"l-section wpb_row height_auto width_custom\" style=\"--site-content-width:1200px;\"><div class=\"l-section-h i-cf\"><div class=\"g-cols vc_row via_grid cols_1-3 laptops-cols_inherit tablets-cols_inherit mobiles-cols_1 valign_top type_default stacking_default\"><div class=\"wpb_column vc_column_container us_custom_7e20fa79 us_animate_this type_sticky\"><div class=\"vc_column-inner\" style=\"top:180px\"><nav class=\"w-menu us_custom_a61e304f layout_ver style_blocks us_menu_1\" style=\"--main-gap:0rem;--main-ver-indent:0.8em;--main-hor-indent:0.8em;--main-color:var(--color-header-middle-bg);--main-hover-color:#f7941f;--main-active-color:#f7941f;\"><ul id=\"menu-cours-formations\" class=\"menu\"><li id=\"menu-item-444\" class=\"menu-item menu-item-type-post_type menu-item-object-page menu-item-444\"><a href=\"https:\/\/onetech.dev\/irc\/cours-formations\/cours-formations-presentiels\">Cours &#038; Formations Pr\u00e9sentiels<\/a><\/li><li id=\"menu-item-410\" class=\"menu-item menu-item-type-post_type menu-item-object-page menu-item-410\"><a href=\"https:\/\/onetech.dev\/irc\/cours-formations\/irc-mooc\">IRC-MOOC<\/a><\/li><li id=\"menu-item-409\" class=\"menu-item menu-item-type-post_type menu-item-object-page menu-item-409\"><a href=\"https:\/\/onetech.dev\/irc\/cours-formations\/e-learning\">E-learning<\/a><\/li><li id=\"menu-item-412\" class=\"menu-item menu-item-type-post_type menu-item-object-page menu-item-412\"><a href=\"https:\/\/onetech.dev\/irc\/cours-formations\/webinaire\">Webinaire<\/a><\/li><\/ul><style>@media ( max-width:600px ){.us_menu_1 .menu{display:block!important}.us_menu_1 .menu>li{margin:0 0 var(--main-gap,0rem)!important}}<\/style><\/nav><div class=\"ult-spacer spacer-69f402c39488f\" data-id=\"69f402c39488f\" data-height=\"10\" data-height-mobile=\"10\" data-height-tab=\"10\" data-height-tab-portrait=\"\" data-height-mobile-landscape=\"\" style=\"clear:both;display:block;\"><\/div><\/div><\/div><div class=\"wpb_column vc_column_container us_custom_47474b22 us_animate_this\"><div class=\"vc_column-inner\"><div class=\"w-text us_custom_11277739 has_text_color\"><span class=\"w-text-h\"><span class=\"w-text-value\">Webinaire<\/span><\/span><\/div><div class=\"ult-spacer spacer-69f402c394b5a\" data-id=\"69f402c394b5a\" data-height=\"25\" data-height-mobile=\"25\" data-height-tab=\"25\" data-height-tab-portrait=\"\" data-height-mobile-landscape=\"\" style=\"clear:both;display:block;\"><\/div><div class=\"g-cols wpb_row us_custom_60e9caca us_animate_this via_grid cols_3 laptops-cols_inherit tablets-cols_inherit mobiles-cols_1 valign_top type_default stacking_default\" style=\"--columns-gap:2.5rem;\"><div class=\"wpb_column vc_column_container us_custom_7e20fa79 us_animate_this\"><div class=\"vc_column-inner\"><div class=\"w-image align_center\"><a ref=\"magnificPopup\" href=\"https:\/\/onetech.dev\/irc\/data\/webinar-05.jpg\" aria-label=\"webinar-05\" class=\"w-image-h\"><img decoding=\"async\" width=\"424\" height=\"600\" src=\"https:\/\/onetech.dev\/irc\/data\/webinar-05.jpg\" class=\"attachment-full size-full\" alt=\"\" loading=\"lazy\" srcset=\"https:\/\/onetech.dev\/irc\/data\/webinar-05.jpg 424w, https:\/\/onetech.dev\/irc\/data\/webinar-05-247x350.jpg 247w, https:\/\/onetech.dev\/irc\/data\/webinar-05-106x150.jpg 106w\" sizes=\"auto, (max-width: 424px) 100vw, 424px\" \/><\/a><\/div><div class=\"ult-spacer spacer-69f402c395b4e\" data-id=\"69f402c395b4e\" data-height=\"20\" data-height-mobile=\"20\" data-height-tab=\"20\" data-height-tab-portrait=\"\" data-height-mobile-landscape=\"\" style=\"clear:both;display:block;\"><\/div><div class=\"w-text us_custom_c314e366\"><span class=\"w-text-h\"><span class=\"w-text-value\">Premi\u00e8re journ\u00e9e nationale sur l\u2019Intelligence Artificielle en Oncologie<\/span><\/span><\/div><div class=\"ult-spacer spacer-69f402c395c49\" data-id=\"69f402c395c49\" data-height=\"10\" data-height-mobile=\"10\" data-height-tab=\"10\" data-height-tab-portrait=\"\" data-height-mobile-landscape=\"\" style=\"clear:both;display:block;\"><\/div><div class=\"w-btn-wrapper align_center\"><a class=\"w-btn us-btn-style_1 icon_atleft\" href=\"https:\/\/onetech.dev\/irc\/cours-formations\/webinaire\/premiere-journee-nationale-sur-lintelligence-artificielle-en-oncologie\"><i class=\"fas fa-external-link\"><\/i><span class=\"w-btn-label\">Acc\u00e9der au contenu<\/span><\/a><\/div><\/div><\/div><div class=\"wpb_column vc_column_container us_custom_8f2ba1f4 us_animate_this\"><div class=\"vc_column-inner\"><div class=\"w-image align_center\"><a ref=\"magnificPopup\" href=\"https:\/\/onetech.dev\/irc\/data\/webinar-04.jpg\" aria-label=\"webinar-04\" class=\"w-image-h\"><img decoding=\"async\" width=\"424\" height=\"600\" src=\"https:\/\/onetech.dev\/irc\/data\/webinar-04.jpg\" class=\"attachment-full size-full\" alt=\"\" loading=\"lazy\" srcset=\"https:\/\/onetech.dev\/irc\/data\/webinar-04.jpg 424w, https:\/\/onetech.dev\/irc\/data\/webinar-04-247x350.jpg 247w, https:\/\/onetech.dev\/irc\/data\/webinar-04-106x150.jpg 106w\" sizes=\"auto, (max-width: 424px) 100vw, 424px\" \/><\/a><\/div><div class=\"ult-spacer spacer-69f402c39633f\" data-id=\"69f402c39633f\" data-height=\"20\" data-height-mobile=\"20\" data-height-tab=\"20\" data-height-tab-portrait=\"\" data-height-mobile-landscape=\"\" style=\"clear:both;display:block;\"><\/div><div class=\"w-text us_custom_c314e366\"><span class=\"w-text-h\"><span class=\"w-text-value\">Journ\u00e9e Nationale sur la Recherche Biom\u00e9dicale en Oncologie<\/span><\/span><\/div><div class=\"ult-spacer spacer-69f402c39642f\" data-id=\"69f402c39642f\" data-height=\"10\" data-height-mobile=\"10\" data-height-tab=\"10\" data-height-tab-portrait=\"\" data-height-mobile-landscape=\"\" style=\"clear:both;display:block;\"><\/div><div class=\"w-btn-wrapper align_center\"><a class=\"w-btn us-btn-style_1 icon_atleft\" href=\"https:\/\/onetech.dev\/irc\/cours-formations\/webinaire\/journee-de-la-recherche-biomedicale\"><i class=\"fas fa-external-link\"><\/i><span class=\"w-btn-label\">Acc\u00e9der au contenu<\/span><\/a><\/div><\/div><\/div><div class=\"wpb_column vc_column_container us_custom_47474b22 us_animate_this\"><div class=\"vc_column-inner\"><div class=\"w-image align_center\"><a ref=\"magnificPopup\" href=\"https:\/\/onetech.dev\/irc\/data\/webinar-03.jpg\" aria-label=\"webinar-03\" class=\"w-image-h\"><img decoding=\"async\" width=\"424\" height=\"600\" src=\"https:\/\/onetech.dev\/irc\/data\/webinar-03.jpg\" class=\"attachment-full size-full\" alt=\"\" loading=\"lazy\" srcset=\"https:\/\/onetech.dev\/irc\/data\/webinar-03.jpg 424w, https:\/\/onetech.dev\/irc\/data\/webinar-03-247x350.jpg 247w, https:\/\/onetech.dev\/irc\/data\/webinar-03-106x150.jpg 106w\" sizes=\"auto, (max-width: 424px) 100vw, 424px\" \/><\/a><\/div><div class=\"ult-spacer spacer-69f402c3972fe\" data-id=\"69f402c3972fe\" data-height=\"20\" data-height-mobile=\"20\" data-height-tab=\"20\" data-height-tab-portrait=\"\" data-height-mobile-landscape=\"\" style=\"clear:both;display:block;\"><\/div><div class=\"w-text us_custom_c314e366\"><span class=\"w-text-h\"><span class=\"w-text-value\">Tabac et COVID-19<\/span><\/span><\/div><div class=\"ult-spacer spacer-69f402c3973fd\" data-id=\"69f402c3973fd\" data-height=\"10\" data-height-mobile=\"10\" data-height-tab=\"10\" data-height-tab-portrait=\"\" data-height-mobile-landscape=\"\" style=\"clear:both;display:block;\"><\/div><div class=\"w-btn-wrapper align_center\"><a class=\"w-btn us-btn-style_1 icon_atleft\" href=\"https:\/\/onetech.dev\/irc\/cours-formations\/webinaire\/tabac-et-covid-19\"><i class=\"fas fa-external-link\"><\/i><span class=\"w-btn-label\">Acc\u00e9der au contenu<\/span><\/a><\/div><\/div><\/div><\/div><div class=\"ult-spacer spacer-69f402c397525\" data-id=\"69f402c397525\" data-height=\"40\" data-height-mobile=\"40\" data-height-tab=\"40\" data-height-tab-portrait=\"\" data-height-mobile-landscape=\"\" style=\"clear:both;display:block;\"><\/div><div class=\"g-cols wpb_row us_custom_60e9caca us_animate_this via_grid cols_3 laptops-cols_inherit tablets-cols_inherit mobiles-cols_1 valign_top type_default stacking_default\" style=\"--columns-gap:2.5rem;\"><div class=\"wpb_column vc_column_container us_custom_7e20fa79 us_animate_this\"><div class=\"vc_column-inner\"><div class=\"w-image align_center\"><a ref=\"magnificPopup\" href=\"https:\/\/onetech.dev\/irc\/data\/webinar-02.jpg\" aria-label=\"webinar-02\" class=\"w-image-h\"><img decoding=\"async\" width=\"424\" height=\"600\" src=\"https:\/\/onetech.dev\/irc\/data\/webinar-02.jpg\" class=\"attachment-full size-full\" alt=\"\" loading=\"lazy\" srcset=\"https:\/\/onetech.dev\/irc\/data\/webinar-02.jpg 424w, https:\/\/onetech.dev\/irc\/data\/webinar-02-247x350.jpg 247w, https:\/\/onetech.dev\/irc\/data\/webinar-02-106x150.jpg 106w\" sizes=\"auto, (max-width: 424px) 100vw, 424px\" \/><\/a><\/div><div class=\"ult-spacer spacer-69f402c397ade\" data-id=\"69f402c397ade\" data-height=\"20\" data-height-mobile=\"20\" data-height-tab=\"20\" data-height-tab-portrait=\"\" data-height-mobile-landscape=\"\" style=\"clear:both;display:block;\"><\/div><div class=\"w-text us_custom_c314e366\"><span class=\"w-text-h\"><span class=\"w-text-value\">La prise en charge du cancer de l\u2019enfant au Maroc en situation de pand\u00e9mie \u2013 COVID-19<\/span><\/span><\/div><div class=\"ult-spacer spacer-69f402c397bcb\" data-id=\"69f402c397bcb\" data-height=\"10\" data-height-mobile=\"10\" data-height-tab=\"10\" data-height-tab-portrait=\"\" data-height-mobile-landscape=\"\" style=\"clear:both;display:block;\"><\/div><div class=\"w-btn-wrapper align_center\"><a class=\"w-btn us-btn-style_1 icon_atleft\" href=\"https:\/\/onetech.dev\/irc\/cours-formations\/webinaire\/la-prise-en-charge-du-cancer-de-lenfant-au-maroc-en-situation-de-pandemie-covid-19\"><i class=\"fas fa-external-link\"><\/i><span class=\"w-btn-label\">Acc\u00e9der au contenu<\/span><\/a><\/div><\/div><\/div><div class=\"wpb_column vc_column_container us_custom_8f2ba1f4 us_animate_this\"><div class=\"vc_column-inner\"><div class=\"w-image align_center\"><a ref=\"magnificPopup\" href=\"https:\/\/onetech.dev\/irc\/data\/webinar-01.jpg\" aria-label=\"webinar-01\" class=\"w-image-h\"><img decoding=\"async\" width=\"424\" height=\"600\" src=\"https:\/\/onetech.dev\/irc\/data\/webinar-01.jpg\" class=\"attachment-full size-full\" alt=\"\" loading=\"lazy\" srcset=\"https:\/\/onetech.dev\/irc\/data\/webinar-01.jpg 424w, https:\/\/onetech.dev\/irc\/data\/webinar-01-247x350.jpg 247w, https:\/\/onetech.dev\/irc\/data\/webinar-01-106x150.jpg 106w\" sizes=\"auto, (max-width: 424px) 100vw, 424px\" \/><\/a><\/div><div class=\"ult-spacer spacer-69f402c398184\" data-id=\"69f402c398184\" data-height=\"20\" data-height-mobile=\"20\" data-height-tab=\"20\" data-height-tab-portrait=\"\" data-height-mobile-landscape=\"\" style=\"clear:both;display:block;\"><\/div><div class=\"w-text us_custom_c314e366\"><span class=\"w-text-h\"><span class=\"w-text-value\">La prise en charge du cancer au Maroc en situation de pand\u00e9mie \u2013 COVID-19<\/span><\/span><\/div><div class=\"ult-spacer spacer-69f402c398268\" data-id=\"69f402c398268\" data-height=\"10\" data-height-mobile=\"10\" data-height-tab=\"10\" data-height-tab-portrait=\"\" data-height-mobile-landscape=\"\" style=\"clear:both;display:block;\"><\/div><div class=\"w-btn-wrapper align_center\"><a class=\"w-btn us-btn-style_1 icon_atleft\" href=\"https:\/\/onetech.dev\/irc\/cours-formations\/webinaire\/la-prise-en-charge-du-cancer-au-maroc-en-situation-de-pandemie-covid-19\"><i class=\"fas fa-external-link\"><\/i><span class=\"w-btn-label\">Acc\u00e9der au contenu<\/span><\/a><\/div><\/div><\/div><div class=\"wpb_column vc_column_container us_custom_47474b22 us_animate_this\"><div class=\"vc_column-inner\"><\/div><\/div><\/div><\/div><\/div><\/div><\/div><\/section><section class=\"l-section wpb_row height_small\"><div class=\"l-section-h i-cf\"><div class=\"g-cols vc_row via_grid cols_1 laptops-cols_inherit tablets-cols_inherit mobiles-cols_1 valign_top type_default stacking_default\"><div class=\"wpb_column vc_column_container\"><div class=\"vc_column-inner\"><\/div><\/div><\/div><\/div><\/section>\n","protected":false},"excerpt":{"rendered":"Cours &amp;Cours &#038; Formations Pr\u00e9sentielsIRC-MOOCE-learningWebinaireWebinairePremi\u00e8re journ\u00e9e nationale sur l\u2019Intelligence Artificielle en OncologieAcc\u00e9der au contenuJourn\u00e9e Nationale sur la Recherche Biom\u00e9dicale en OncologieAcc\u00e9der au contenuTabac et COVID-19Acc\u00e9der au contenuLa prise en charge du cancer de l\u2019enfant au Maroc en situation de pand\u00e9mie \u2013 COVID-19Acc\u00e9der au contenuLa prise en charge du cancer au Maroc en situation de pand\u00e9mie...","protected":false},"author":1,"featured_media":0,"parent":363,"menu_order":0,"comment_status":"closed","ping_status":"closed","template":"","meta":{"_acf_changed":false,"footnotes":""},"class_list":["post-399","page","type-page","status-publish","hentry"],"acf":[],"lang":"fr","translations":{"fr":399},"pll_sync_post":[],"_links":{"self":[{"href":"https:\/\/onetech.dev\/irc\/wp-json\/wp\/v2\/pages\/399","targetHints":{"allow":["GET"]}}],"collection":[{"href":"https:\/\/onetech.dev\/irc\/wp-json\/wp\/v2\/pages"}],"about":[{"href":"https:\/\/onetech.dev\/irc\/wp-json\/wp\/v2\/types\/page"}],"author":[{"embeddable":true,"href":"https:\/\/onetech.dev\/irc\/wp-json\/wp\/v2\/users\/1"}],"replies":[{"embeddable":true,"href":"https:\/\/onetech.dev\/irc\/wp-json\/wp\/v2\/comments?post=399"}],"version-history":[{"count":11,"href":"https:\/\/onetech.dev\/irc\/wp-json\/wp\/v2\/pages\/399\/revisions"}],"predecessor-version":[{"id":473,"href":"https:\/\/onetech.dev\/irc\/wp-json\/wp\/v2\/pages\/399\/revisions\/473"}],"up":[{"embeddable":true,"href":"https:\/\/onetech.dev\/irc\/wp-json\/wp\/v2\/pages\/363"}],"wp:attachment":[{"href":"https:\/\/onetech.dev\/irc\/wp-json\/wp\/v2\/media?parent=399"}],"curies":[{"name":"wp","href":"https:\/\/api.w.org\/{rel}","templated":true}]}}