{"id":515,"date":"2026-04-09T18:06:56","date_gmt":"2026-04-09T17:06:56","guid":{"rendered":"https:\/\/onetech.dev\/irc\/?page_id=515"},"modified":"2026-04-09T19:09:54","modified_gmt":"2026-04-09T18:09:54","slug":"soumettre-une-publication","status":"publish","type":"page","link":"https:\/\/onetech.dev\/irc\/publications-scientifiques\/soumettre-une-publication","title":{"rendered":"Soumettre une publication"},"content":{"rendered":"<section class=\"l-section wpb_row height_auto\"><div class=\"l-section-h i-cf\"><div class=\"g-cols vc_row via_grid cols_1 laptops-cols_inherit tablets-cols_inherit mobiles-cols_1 valign_top type_default stacking_default\"><div class=\"wpb_column vc_column_container\"><div class=\"vc_column-inner\"><div class=\"ult-spacer spacer-69f3fdd61e8b1\" data-id=\"69f3fdd61e8b1\" data-height=\"25\" data-height-mobile=\"25\" data-height-tab=\"25\" data-height-tab-portrait=\"\" data-height-mobile-landscape=\"\" style=\"clear:both;display:block;\"><\/div><div id=\"uvc-type-wrap-6933\"  data-ultimate-target='#uvc-type-wrap-6933'  data-responsive-json-new='{\"font-size\":\"desktop:26px;\",\"line-height\":\"\"}'  class=\"uvc-type-wrap  ult-adjust-bottom-margin ult-responsive  uvc-type-align-center  uvc-wrap-279749840969f3fdd61e8da\" style=\"text-align:center;\"><span  data-ultimate-target='#uvc-type-wrap-6933 .mycustfancy'  data-responsive-json-new='{\"font-size\":\"desktop:26px;\",\"line-height\":\"\"}'  class=\"ultimate-typewriter-prefix mycustfancy ult-responsive\" style=\"font-weight:bold;color:#1B76BC; text-transform: unset;\">Publications<\/span><span id=\"typed-279749840969f3fdd61e8da\" class=\"ultimate-typed-main fancytext-typewriter-background-enabled\" style=\"color:#1B76BC;background:#00000000; font-weight:bold; text-transform: unset;\"><\/span><script type=\"text\/javascript\">\n\t\t\t\t\t\tjQuery(function($){ \n\t\t\t\t\t\t\t$(document).ready(function(){\n\t\t\t\t\t\t\t\tif( typeof jQuery(\"#typed-279749840969f3fdd61e8da\").typed == \"function\"){\n\t\t\t\t\t\t\t\t\t$(\"#typed-279749840969f3fdd61e8da\").typed({\n\t\t\t\t\t\t\t\t\t\tstrings: [\"Scientifiques\"],\n\t\t\t\t\t\t\t\t\t\ttypeSpeed: 35,\n\t\t\t\t\t\t\t\t\t\tbackSpeed: 0,\n\t\t\t\t\t\t\t\t\t\tstartDelay: \"200\",\n\t\t\t\t\t\t\t\t\t\tbackDelay: \"1500\",\n\t\t\t\t\t\t\t\t\t\tloop: true,\n\t\t\t\t\t\t\t\t\t\tloopCount: false,\n\t\t\t\t\t\t\t\t\t\tshowCursor: true,\n\t\t\t\t\t\t\t\t\t\tcursorChar: \"|\",\n\t\t\t\t\t\t\t\t\t\tattr: null\n\t\t\t\t\t\t\t\t\t});\n\t\t\t\t\t\t\t\t}\n\t\t\t\t\t\t\t});\n\t\t\t\t\t\t});\n\t\t\t\t\t<\/script><\/div><div class=\"ult-spacer spacer-69f3fdd61ec74\" data-id=\"69f3fdd61ec74\" data-height=\"10\" data-height-mobile=\"10\" data-height-tab=\"10\" data-height-tab-portrait=\"\" data-height-mobile-landscape=\"\" style=\"clear:both;display:block;\"><\/div><\/div><\/div><\/div><\/div><\/section><section class=\"l-section wpb_row height_auto width_custom\" style=\"--site-content-width:1200px;\"><div class=\"l-section-h i-cf\"><div class=\"g-cols vc_row via_grid cols_3-1 laptops-cols_inherit tablets-cols_inherit mobiles-cols_1 valign_top type_default stacking_default\"><div class=\"wpb_column vc_column_container us_custom_7e20fa79 us_animate_this\"><div class=\"vc_column-inner\"><div class=\"w-text us_custom_11277739 has_text_color\"><span class=\"w-text-h\"><span class=\"w-text-value\">Subvention des publications<\/span><\/span><\/div><div class=\"ult-spacer spacer-69f3fdd61f434\" data-id=\"69f3fdd61f434\" data-height=\"30\" data-height-mobile=\"30\" data-height-tab=\"30\" data-height-tab-portrait=\"\" data-height-mobile-landscape=\"\" style=\"clear:both;display:block;\"><\/div><div class=\"wpb_text_column\"><div class=\"wpb_wrapper\"><p style=\"text-align: justify;\">Dans le cadre de ses activit\u00e9s de soutien \u00e0 la recherche sur le cancer, l\u2019IRC est heureux de vous annoncer son concours d\u2019appui \u00e0 des publications scientifiques en oncologie. Le but de ce concours est d\u2019all\u00e9ger les frais de publication des membres du r\u00e9seau des chercheurs IRC-Associ\u00e9s pour la publication des articles scientifiques originaux de haut niveau.<\/p>\n<\/div><\/div><div class=\"ult-spacer spacer-69f3fdd61f69a\" data-id=\"69f3fdd61f69a\" data-height=\"30\" data-height-mobile=\"30\" data-height-tab=\"30\" data-height-tab-portrait=\"\" data-height-mobile-landscape=\"\" style=\"clear:both;display:block;\"><\/div><div class=\"w-text us_custom_ab9cf480 has_text_color\"><span class=\"w-text-h\"><span class=\"w-text-value\">Objectifs du programme<\/span><\/span><\/div><div class=\"ult-spacer spacer-69f3fdd61f794\" data-id=\"69f3fdd61f794\" data-height=\"10\" data-height-mobile=\"10\" data-height-tab=\"10\" data-height-tab-portrait=\"\" data-height-mobile-landscape=\"\" style=\"clear:both;display:block;\"><\/div><div class=\"wpb_text_column\"><div class=\"wpb_wrapper\"><ul>\n<li>Appuyer financi\u00e8rement la publication dans le domaine de l\u2019oncologie<\/li>\n<li>Permettre une large diffusion des r\u00e9sultats des travaux de recherche<\/li>\n<li>Encourager la publication d\u2019articles scientifiques originaux<\/li>\n<li>Contribuer au rayonnement de la recherche oncologique marocaine<\/li>\n<\/ul>\n<\/div><\/div><div class=\"ult-spacer spacer-69f3fdd61f8ea\" data-id=\"69f3fdd61f8ea\" data-height=\"30\" data-height-mobile=\"30\" data-height-tab=\"30\" data-height-tab-portrait=\"\" data-height-mobile-landscape=\"\" style=\"clear:both;display:block;\"><\/div><div class=\"w-text us_custom_ab9cf480 has_text_color\"><span class=\"w-text-h\"><span class=\"w-text-value\">Crit\u00e8res d\u2019\u00e9ligibilit\u00e9<\/span><\/span><\/div><div class=\"ult-spacer spacer-69f3fdd61f9c9\" data-id=\"69f3fdd61f9c9\" data-height=\"10\" data-height-mobile=\"10\" data-height-tab=\"10\" data-height-tab-portrait=\"\" data-height-mobile-landscape=\"\" style=\"clear:both;display:block;\"><\/div><div class=\"wpb_text_column\"><div class=\"wpb_wrapper\"><ul>\n<li>\u00catre membre du <a href=\"https:\/\/onetech.dev\/irc\/accueil\/reseau-marocain-des-chercheurs-associes\">R\u00e9seau de Chercheurs IRC-Associ\u00e9s<\/a><\/li>\n<li>\u00catre l\u2019auteur principal de l\u2019article<\/li>\n<li>L\u2019auteur principal doit appartenir \u00e0 une structure de recherche, de soins ou de formation marocaine<\/li>\n<li>D\u00e9tenir un document officiel de l\u2019\u00e9diteur d\u2019un journal \u00e0 comit\u00e9 de lecture et Open Access confirmant l\u2019acceptation du manuscrit<\/li>\n<li>L\u2019article doit s\u2019inscrire dans le cadre du plan cancer PNPCC<\/li>\n<\/ul>\n<\/div><\/div><div class=\"ult-spacer spacer-69f3fdd61fb29\" data-id=\"69f3fdd61fb29\" data-height=\"30\" data-height-mobile=\"30\" data-height-tab=\"30\" data-height-tab-portrait=\"\" data-height-mobile-landscape=\"\" style=\"clear:both;display:block;\"><\/div><div class=\"wpb_text_column\"><div class=\"wpb_wrapper\"><p>Document utile:<br \/>\n<a href=\"https:\/\/onetech.dev\/irc\/data\/Termes-re-references-_-Subventio-des-publication-scientifique-IRC-V-2025.pdf\" target=\"_blank\" rel=\"noopener\">Termes de r\u00e9f\u00e9rence \u2013 Subvention des publications scientifiques<\/a><\/p>\n<p>Pour plus de d\u00e9tails, contactez:<br \/>\nMail: contact@irc.ma \/ T\u00e9l: 06 62 78 13 27<\/p>\n<\/div><\/div><div class=\"ult-spacer spacer-69f3fdd61fc49\" data-id=\"69f3fdd61fc49\" data-height=\"30\" data-height-mobile=\"30\" data-height-tab=\"30\" data-height-tab-portrait=\"\" data-height-mobile-landscape=\"\" style=\"clear:both;display:block;\"><\/div><div class=\"w-btn-wrapper align_left\"><a class=\"w-btn us-btn-style_1 icon_atleft\" target=\"_blank\" href=\"https:\/\/irc.evision.ca\/eAwards_applicant\/faces\/jsp\/login\/login.xhtml?lang=FR\"><i class=\"fas fa-external-link\"><\/i><span class=\"w-btn-label\">Soumettre une publication<\/span><\/a><\/div><\/div><\/div><div class=\"wpb_column vc_column_container us_custom_47474b22 us_animate_this\"><div class=\"vc_column-inner\"><div class=\"w-image align_center\"><a ref=\"magnificPopup\" href=\"https:\/\/onetech.dev\/irc\/data\/affiche-2.png\" aria-label=\"affiche-2\" class=\"w-image-h\"><img decoding=\"async\" width=\"603\" height=\"848\" src=\"https:\/\/onetech.dev\/irc\/data\/affiche-2.png\" class=\"attachment-full size-full\" alt=\"\" loading=\"lazy\" srcset=\"https:\/\/onetech.dev\/irc\/data\/affiche-2.png 603w, https:\/\/onetech.dev\/irc\/data\/affiche-2-249x350.png 249w, https:\/\/onetech.dev\/irc\/data\/affiche-2-107x150.png 107w\" sizes=\"auto, (max-width: 603px) 100vw, 603px\" \/><\/a><\/div><div class=\"ult-spacer spacer-69f3fdd6205c5\" data-id=\"69f3fdd6205c5\" data-height=\"30\" data-height-mobile=\"30\" data-height-tab=\"30\" data-height-tab-portrait=\"\" data-height-mobile-landscape=\"\" style=\"clear:both;display:block;\"><\/div><div class=\"w-image align_center\"><a ref=\"magnificPopup\" href=\"https:\/\/onetech.dev\/irc\/data\/plateformeen-ligne-IRC.png\" aria-label=\"plateformeen-ligne-IRC\" class=\"w-image-h\"><img decoding=\"async\" width=\"747\" height=\"648\" src=\"https:\/\/onetech.dev\/irc\/data\/plateformeen-ligne-IRC.png\" class=\"attachment-full size-full\" alt=\"\" loading=\"lazy\" srcset=\"https:\/\/onetech.dev\/irc\/data\/plateformeen-ligne-IRC.png 747w, https:\/\/onetech.dev\/irc\/data\/plateformeen-ligne-IRC-350x304.png 350w, https:\/\/onetech.dev\/irc\/data\/plateformeen-ligne-IRC-150x130.png 150w\" sizes=\"auto, (max-width: 747px) 100vw, 747px\" \/><\/a><\/div><\/div><\/div><\/div><\/div><\/section><section class=\"l-section wpb_row height_small\"><div class=\"l-section-h i-cf\"><div class=\"g-cols vc_row via_grid cols_1 laptops-cols_inherit tablets-cols_inherit mobiles-cols_1 valign_top type_default stacking_default\"><div class=\"wpb_column vc_column_container\"><div class=\"vc_column-inner\"><\/div><\/div><\/div><\/div><\/section>\n","protected":false},"excerpt":{"rendered":"PublicationsSubvention des publications Dans le cadre de ses activit\u00e9s de soutien \u00e0 la recherche sur le cancer, l\u2019IRC est heureux de vous annoncer son concours d\u2019appui \u00e0 des publications scientifiques en oncologie. Le but de ce concours est d\u2019all\u00e9ger les frais de publication des membres du r\u00e9seau des chercheurs IRC-Associ\u00e9s pour la publication des articles...","protected":false},"author":1,"featured_media":0,"parent":498,"menu_order":0,"comment_status":"closed","ping_status":"closed","template":"","meta":{"_acf_changed":false,"footnotes":""},"class_list":["post-515","page","type-page","status-publish","hentry"],"acf":[],"lang":"fr","translations":{"fr":515},"pll_sync_post":[],"_links":{"self":[{"href":"https:\/\/onetech.dev\/irc\/wp-json\/wp\/v2\/pages\/515","targetHints":{"allow":["GET"]}}],"collection":[{"href":"https:\/\/onetech.dev\/irc\/wp-json\/wp\/v2\/pages"}],"about":[{"href":"https:\/\/onetech.dev\/irc\/wp-json\/wp\/v2\/types\/page"}],"author":[{"embeddable":true,"href":"https:\/\/onetech.dev\/irc\/wp-json\/wp\/v2\/users\/1"}],"replies":[{"embeddable":true,"href":"https:\/\/onetech.dev\/irc\/wp-json\/wp\/v2\/comments?post=515"}],"version-history":[{"count":23,"href":"https:\/\/onetech.dev\/irc\/wp-json\/wp\/v2\/pages\/515\/revisions"}],"predecessor-version":[{"id":582,"href":"https:\/\/onetech.dev\/irc\/wp-json\/wp\/v2\/pages\/515\/revisions\/582"}],"up":[{"embeddable":true,"href":"https:\/\/onetech.dev\/irc\/wp-json\/wp\/v2\/pages\/498"}],"wp:attachment":[{"href":"https:\/\/onetech.dev\/irc\/wp-json\/wp\/v2\/media?parent=515"}],"curies":[{"name":"wp","href":"https:\/\/api.w.org\/{rel}","templated":true}]}}