{"id":107,"date":"2025-11-15T22:07:37","date_gmt":"2025-11-15T21:07:37","guid":{"rendered":"https:\/\/onetech.dev\/lipas\/?post_type=product&#038;p=107"},"modified":"2025-11-15T22:07:47","modified_gmt":"2025-11-15T21:07:47","slug":"stylo-bille-a-inkjoy-vert","status":"publish","type":"product","link":"https:\/\/onetech.dev\/lipas\/produit\/stylo-bille-a-inkjoy-vert","title":{"rendered":"stylo bille \u00e0 InkJoy  vert"},"content":{"rendered":"<h1 id=\"title\" class=\"a-size-large a-spacing-none\"><span id=\"productTitle\" class=\"a-size-large product-title-word-break\">Paper Mate stylo bille \u00e0 capuchon InkJoy 100ST | pointe moyenne (1,0 mm) | vert | lot de 50 <\/span><\/h1>\n<p>Optimisez votre plaisir d\u2019\u00e9crire avec le stylo bille Papermate Inkjoy 100.<br \/>\nUtilisant une encre \u00e0 faible viscosit\u00e9 r\u00e9sistante aux bavures, c\u2019est l\u2019alli\u00e9 id\u00e9al pour r\u00e9aliser des \u00e9critures douces et agr\u00e9ables. Sa pointe conique 1 mm donnant un trait de 0,7 mm vous offre une belle \u00e9criture moyenne. Ce n\u2019est pas tout, ce stylo bille vous procure \u00e9galement un confort d\u2019\u00e9criture id\u00e9al.<br \/>\nSi cet article vous int\u00e9resse, retrouvez-le chez Bruneau. Il est disponible en 4 couleurs d\u2019encre au choix : noir, bleu, rouge, vert.<\/p>\n","protected":false},"excerpt":{"rendered":"<p>Paper Mate stylo bille \u00e0 capuchon InkJoy 100ST | pointe moyenne (1,0 mm) | vert | lot de 50 Optimisez votre plaisir d\u2019\u00e9crire avec le stylo bille Papermate Inkjoy 100. Utilisant une encre \u00e0 faible viscosit\u00e9 r\u00e9sistante aux bavures, c\u2019est l\u2019alli\u00e9 id\u00e9al pour r\u00e9aliser des \u00e9critures douces et agr\u00e9ables. Sa pointe conique 1 mm donnant&#8230;<\/p>\n","protected":false},"featured_media":137,"template":"","meta":[],"product_brand":[],"product_cat":[20,21],"product_tag":[],"class_list":{"0":"post-107","1":"product","2":"type-product","3":"status-publish","4":"has-post-thumbnail","6":"product_cat-ecritures-et-correction","7":"product_cat-ecritures-et-correction-fourniture-de-bureau","9":"first","10":"instock","11":"taxable","12":"shipping-taxable","13":"purchasable","14":"product-type-simple"},"_links":{"self":[{"href":"https:\/\/onetech.dev\/lipas\/wp-json\/wp\/v2\/product\/107","targetHints":{"allow":["GET"]}}],"collection":[{"href":"https:\/\/onetech.dev\/lipas\/wp-json\/wp\/v2\/product"}],"about":[{"href":"https:\/\/onetech.dev\/lipas\/wp-json\/wp\/v2\/types\/product"}],"wp:featuredmedia":[{"embeddable":true,"href":"https:\/\/onetech.dev\/lipas\/wp-json\/wp\/v2\/media\/137"}],"wp:attachment":[{"href":"https:\/\/onetech.dev\/lipas\/wp-json\/wp\/v2\/media?parent=107"}],"wp:term":[{"taxonomy":"product_brand","embeddable":true,"href":"https:\/\/onetech.dev\/lipas\/wp-json\/wp\/v2\/product_brand?post=107"},{"taxonomy":"product_cat","embeddable":true,"href":"https:\/\/onetech.dev\/lipas\/wp-json\/wp\/v2\/product_cat?post=107"},{"taxonomy":"product_tag","embeddable":true,"href":"https:\/\/onetech.dev\/lipas\/wp-json\/wp\/v2\/product_tag?post=107"}],"curies":[{"name":"wp","href":"https:\/\/api.w.org\/{rel}","templated":true}]}}