{"id":143,"date":"2025-11-15T22:07:49","date_gmt":"2025-11-15T21:07:49","guid":{"rendered":"https:\/\/onetech.dev\/lipas\/?post_type=product&#038;p=143"},"modified":"2025-11-15T22:07:51","modified_gmt":"2025-11-15T21:07:51","slug":"lot-de-10-chemises-a-rabat-a4-sicla","status":"publish","type":"product","link":"https:\/\/onetech.dev\/lipas\/produit\/lot-de-10-chemises-a-rabat-a4-sicla","title":{"rendered":"Lot de 10 Chemises \u00e0 rabat A4 Sicla"},"content":{"rendered":"","protected":false},"excerpt":{"rendered":"<p style=\"text-align: justify;\">Chemise \u00e0 rabat \u00e0 \u00e9lastiques pour documents A4, dimensions : 24 x 32 cm. Disponible en mod\u00e8le opaque et translucide dans 9 coloris au choix : Vert-Bleu-Jaune-Rouge-Orange-Noir-Gris-Blanc-Marron.<\/p>\n","protected":false},"featured_media":172,"template":"","meta":[],"product_brand":[],"product_cat":[22,17],"product_tag":[],"class_list":{"0":"post-143","1":"product","2":"type-product","3":"status-publish","4":"has-post-thumbnail","6":"product_cat-classement","7":"product_cat-fourniture-de-bureau","9":"first","10":"instock","11":"taxable","12":"shipping-taxable","13":"purchasable","14":"product-type-simple"},"_links":{"self":[{"href":"https:\/\/onetech.dev\/lipas\/wp-json\/wp\/v2\/product\/143","targetHints":{"allow":["GET"]}}],"collection":[{"href":"https:\/\/onetech.dev\/lipas\/wp-json\/wp\/v2\/product"}],"about":[{"href":"https:\/\/onetech.dev\/lipas\/wp-json\/wp\/v2\/types\/product"}],"wp:featuredmedia":[{"embeddable":true,"href":"https:\/\/onetech.dev\/lipas\/wp-json\/wp\/v2\/media\/172"}],"wp:attachment":[{"href":"https:\/\/onetech.dev\/lipas\/wp-json\/wp\/v2\/media?parent=143"}],"wp:term":[{"taxonomy":"product_brand","embeddable":true,"href":"https:\/\/onetech.dev\/lipas\/wp-json\/wp\/v2\/product_brand?post=143"},{"taxonomy":"product_cat","embeddable":true,"href":"https:\/\/onetech.dev\/lipas\/wp-json\/wp\/v2\/product_cat?post=143"},{"taxonomy":"product_tag","embeddable":true,"href":"https:\/\/onetech.dev\/lipas\/wp-json\/wp\/v2\/product_tag?post=143"}],"curies":[{"name":"wp","href":"https:\/\/api.w.org\/{rel}","templated":true}]}}