{"id":159,"date":"2025-11-15T22:07:49","date_gmt":"2025-11-15T21:07:49","guid":{"rendered":"https:\/\/onetech.dev\/lipas\/?post_type=product&#038;p=159"},"modified":"2025-11-15T22:07:58","modified_gmt":"2025-11-15T21:07:58","slug":"paquet-de-25-chemises-a-elastiques-exacopmta-3-rabats-400g-m%c2%b2","status":"publish","type":"product","link":"https:\/\/onetech.dev\/lipas\/produit\/paquet-de-25-chemises-a-elastiques-exacopmta-3-rabats-400g-m%c2%b2","title":{"rendered":"Paquet de 25 Chemises \u00e0 \u00e9lastiques Exacopmta 3 rabats 400g\/m\u00b2"},"content":{"rendered":"","protected":false},"excerpt":{"rendered":"<p style=\"text-align: justify;\">Chemise \u00e0 3 rabats avec des \u00e9lastiques en carte lustr\u00e9e 5\/10\u00e8me, 400 g\/m\u00b2. Dimensions 24 x 32 cm avec \u00e9tiquette au dos. Papier haute qualit\u00e9 et \u00e9cologique, certifi\u00e9 FSC\u00ae. Couleurs assorties : Orange, tilleul, tabac, rose, jaune citron, cerise.<\/p>\n","protected":false},"featured_media":188,"template":"","meta":[],"product_brand":[],"product_cat":[22,17],"product_tag":[],"class_list":{"0":"post-159","1":"product","2":"type-product","3":"status-publish","4":"has-post-thumbnail","6":"product_cat-classement","7":"product_cat-fourniture-de-bureau","9":"first","10":"instock","11":"taxable","12":"shipping-taxable","13":"purchasable","14":"product-type-simple"},"_links":{"self":[{"href":"https:\/\/onetech.dev\/lipas\/wp-json\/wp\/v2\/product\/159","targetHints":{"allow":["GET"]}}],"collection":[{"href":"https:\/\/onetech.dev\/lipas\/wp-json\/wp\/v2\/product"}],"about":[{"href":"https:\/\/onetech.dev\/lipas\/wp-json\/wp\/v2\/types\/product"}],"wp:featuredmedia":[{"embeddable":true,"href":"https:\/\/onetech.dev\/lipas\/wp-json\/wp\/v2\/media\/188"}],"wp:attachment":[{"href":"https:\/\/onetech.dev\/lipas\/wp-json\/wp\/v2\/media?parent=159"}],"wp:term":[{"taxonomy":"product_brand","embeddable":true,"href":"https:\/\/onetech.dev\/lipas\/wp-json\/wp\/v2\/product_brand?post=159"},{"taxonomy":"product_cat","embeddable":true,"href":"https:\/\/onetech.dev\/lipas\/wp-json\/wp\/v2\/product_cat?post=159"},{"taxonomy":"product_tag","embeddable":true,"href":"https:\/\/onetech.dev\/lipas\/wp-json\/wp\/v2\/product_tag?post=159"}],"curies":[{"name":"wp","href":"https:\/\/api.w.org\/{rel}","templated":true}]}}