{"id":535,"date":"2025-11-15T22:10:54","date_gmt":"2025-11-15T21:10:54","guid":{"rendered":"https:\/\/onetech.dev\/lipas\/?post_type=product&#038;p=535"},"modified":"2025-11-15T22:11:31","modified_gmt":"2025-11-15T21:11:31","slug":"cahier-pique-t-p-pique-192p-seyes-60g-a4-essentiel","status":"publish","type":"product","link":"https:\/\/onetech.dev\/lipas\/produit\/cahier-pique-t-p-pique-192p-seyes-60g-a4-essentiel","title":{"rendered":"Cahier Piqu\u00e9 T.P Piqu\u00e9 192P S\u00e9yes 60g A4 Essentiel"},"content":{"rendered":"","protected":false},"excerpt":{"rendered":"","protected":false},"featured_media":572,"template":"","meta":[],"product_brand":[],"product_cat":[29],"product_tag":[],"class_list":{"0":"post-535","1":"product","2":"type-product","3":"status-publish","4":"has-post-thumbnail","6":"product_cat-cahiers-et-papiers","8":"first","9":"instock","10":"taxable","11":"shipping-taxable","12":"purchasable","13":"product-type-simple"},"_links":{"self":[{"href":"https:\/\/onetech.dev\/lipas\/wp-json\/wp\/v2\/product\/535","targetHints":{"allow":["GET"]}}],"collection":[{"href":"https:\/\/onetech.dev\/lipas\/wp-json\/wp\/v2\/product"}],"about":[{"href":"https:\/\/onetech.dev\/lipas\/wp-json\/wp\/v2\/types\/product"}],"wp:featuredmedia":[{"embeddable":true,"href":"https:\/\/onetech.dev\/lipas\/wp-json\/wp\/v2\/media\/572"}],"wp:attachment":[{"href":"https:\/\/onetech.dev\/lipas\/wp-json\/wp\/v2\/media?parent=535"}],"wp:term":[{"taxonomy":"product_brand","embeddable":true,"href":"https:\/\/onetech.dev\/lipas\/wp-json\/wp\/v2\/product_brand?post=535"},{"taxonomy":"product_cat","embeddable":true,"href":"https:\/\/onetech.dev\/lipas\/wp-json\/wp\/v2\/product_cat?post=535"},{"taxonomy":"product_tag","embeddable":true,"href":"https:\/\/onetech.dev\/lipas\/wp-json\/wp\/v2\/product_tag?post=535"}],"curies":[{"name":"wp","href":"https:\/\/api.w.org\/{rel}","templated":true}]}}